CRAN Package Check Results for Package eSIR

Last updated on 2025-05-08 04:52:04 CEST.

Flavor Version Tinstall Tcheck Ttotal Status Flags
r-devel-linux-x86_64-debian-clang 0.4.2 8.37 77.46 85.83 NOTE
r-devel-linux-x86_64-debian-gcc 0.4.2 7.12 53.81 60.93 NOTE
r-devel-linux-x86_64-fedora-clang 0.4.2 134.80 NOTE
r-devel-linux-x86_64-fedora-gcc 0.4.2 134.71 NOTE
r-devel-windows-x86_64 0.4.2 13.00 98.00 111.00 NOTE
r-patched-linux-x86_64 0.4.2 10.20 72.53 82.73 NOTE
r-release-linux-x86_64 0.4.2 7.78 72.83 80.61 NOTE
r-release-macos-arm64 0.4.2 53.00 NOTE
r-release-macos-x86_64 0.4.2 74.00 NOTE
r-release-windows-x86_64 0.4.2 12.00 97.00 109.00 NOTE
r-oldrel-macos-arm64 0.4.2 36.00 NOTE
r-oldrel-macos-x86_64 0.4.2 68.00 NOTE
r-oldrel-windows-x86_64 0.4.2 15.00 112.00 127.00 NOTE

Check Details

Version: 0.4.2
Check: Rd files
Result: NOTE checkRd: (-1) USA_state_N.Rd:10: Lost braces in \itemize; meant \describe ? checkRd: (-1) USA_state_N.Rd:11: Lost braces in \itemize; meant \describe ? checkRd: (-1) confirmed.Rd:10: Lost braces in \itemize; meant \describe ? checkRd: (-1) confirmed.Rd:11: Lost braces in \itemize; meant \describe ? checkRd: (-1) death.Rd:10: Lost braces in \itemize; meant \describe ? checkRd: (-1) death.Rd:11: Lost braces in \itemize; meant \describe ? checkRd: (-1) recovered.Rd:10: Lost braces in \itemize; meant \describe ? checkRd: (-1) recovered.Rd:11: Lost braces in \itemize; meant \describe ? Flavors: r-devel-linux-x86_64-debian-clang, r-devel-linux-x86_64-debian-gcc, r-devel-linux-x86_64-fedora-clang, r-devel-linux-x86_64-fedora-gcc, r-devel-windows-x86_64, r-patched-linux-x86_64, r-release-linux-x86_64, r-release-macos-arm64, r-release-macos-x86_64, r-release-windows-x86_64, r-oldrel-macos-arm64, r-oldrel-macos-x86_64, r-oldrel-windows-x86_64

These binaries (installable software) and packages are in development.
They may not be fully stable and should be used with caution. We make no claims about them.