CRAN Package Check Results for Package eSIR

Last updated on 2025-07-01 11:49:18 CEST.

Flavor Version Tinstall Tcheck Ttotal Status Flags
r-devel-linux-x86_64-debian-clang 0.4.2 10.52 80.20 90.72 NOTE
r-devel-linux-x86_64-debian-gcc 0.4.2 6.52 54.45 60.97 NOTE
r-devel-linux-x86_64-fedora-clang 0.4.2 140.72 NOTE
r-devel-linux-x86_64-fedora-gcc 0.4.2 133.80 NOTE
r-devel-windows-x86_64 0.4.2 11.00 101.00 112.00 NOTE
r-patched-linux-x86_64 NOTE
r-release-linux-x86_64 0.4.2 9.84 72.67 82.51 NOTE
r-release-macos-arm64 0.4.2 53.00 NOTE
r-release-macos-x86_64 0.4.2 74.00 NOTE
r-release-windows-x86_64 0.4.2 12.00 99.00 111.00 NOTE
r-oldrel-macos-arm64 0.4.2 36.00 NOTE
r-oldrel-macos-x86_64 0.4.2 68.00 NOTE
r-oldrel-windows-x86_64 0.4.2 14.00 115.00 129.00 NOTE

Check Details

Version: 0.4.2
Check: Rd files
Result: NOTE checkRd: (-1) USA_state_N.Rd:10: Lost braces in \itemize; meant \describe ? checkRd: (-1) USA_state_N.Rd:11: Lost braces in \itemize; meant \describe ? checkRd: (-1) confirmed.Rd:10: Lost braces in \itemize; meant \describe ? checkRd: (-1) confirmed.Rd:11: Lost braces in \itemize; meant \describe ? checkRd: (-1) death.Rd:10: Lost braces in \itemize; meant \describe ? checkRd: (-1) death.Rd:11: Lost braces in \itemize; meant \describe ? checkRd: (-1) recovered.Rd:10: Lost braces in \itemize; meant \describe ? checkRd: (-1) recovered.Rd:11: Lost braces in \itemize; meant \describe ? Flavors: r-devel-linux-x86_64-debian-clang, r-devel-linux-x86_64-debian-gcc, r-devel-linux-x86_64-fedora-clang, r-devel-linux-x86_64-fedora-gcc, r-devel-windows-x86_64, r-patched-linux-x86_64, r-release-linux-x86_64, r-release-macos-arm64, r-release-macos-x86_64, r-release-windows-x86_64, r-oldrel-macos-arm64, r-oldrel-macos-x86_64, r-oldrel-windows-x86_64

These binaries (installable software) and packages are in development.
They may not be fully stable and should be used with caution. We make no claims about them.