Last updated on 2025-02-16 10:50:45 CET.
Flavor | Version | Tinstall | Tcheck | Ttotal | Status | Flags |
---|---|---|---|---|---|---|
r-devel-linux-x86_64-debian-clang | 2.4 | 741.83 | 156.64 | 898.47 | NOTE | |
r-devel-linux-x86_64-debian-gcc | 2.4 | 692.17 | 175.65 | 867.82 | NOTE | |
r-devel-linux-x86_64-fedora-clang | 2.4 | 1451.58 | OK | |||
r-devel-linux-x86_64-fedora-gcc | 2.4 | 2210.61 | OK | |||
r-devel-macos-arm64 | 2.4 | 380.00 | OK | |||
r-devel-macos-x86_64 | 2.4 | 508.00 | OK | |||
r-devel-windows-x86_64 | 2.4 | 728.00 | 243.00 | 971.00 | NOTE | |
r-patched-linux-x86_64 | 2.4 | 938.73 | 232.08 | 1170.81 | NOTE | |
r-release-linux-x86_64 | 2.4 | 931.70 | 232.14 | 1163.84 | NOTE | |
r-release-macos-arm64 | 2.4 | 209.00 | NOTE | |||
r-release-macos-x86_64 | 2.4 | 208.00 | NOTE | |||
r-release-windows-x86_64 | 2.4 | 729.00 | 249.00 | 978.00 | NOTE | |
r-oldrel-macos-arm64 | 2.4 | 419.00 | NOTE | |||
r-oldrel-macos-x86_64 | 2.4 | 524.00 | NOTE | |||
r-oldrel-windows-x86_64 | 2.4 | 989.00 | 285.00 | 1274.00 | NOTE |
Version: 2.4
Check: Rd cross-references
Result: NOTE
Found the following Rd file(s) with Rd \link{} targets missing package
anchors:
plotCounts.Rd: xyplot
Please provide package anchors for all Rd \link{} targets not in the
package itself and the base packages.
Flavors: r-devel-linux-x86_64-debian-clang, r-devel-linux-x86_64-debian-gcc, r-devel-windows-x86_64
Version: 2.4
Check: package dependencies
Result: NOTE
Package suggested but not available for checking: ‘eggCountsExtra’
Flavors: r-patched-linux-x86_64, r-release-linux-x86_64, r-release-macos-arm64, r-release-macos-x86_64, r-release-windows-x86_64, r-oldrel-macos-arm64, r-oldrel-macos-x86_64, r-oldrel-windows-x86_64
Version: 2.4
Check: for GNU extensions in Makefiles
Result: NOTE
GNU make is a SystemRequirements.
Flavors: r-patched-linux-x86_64, r-release-linux-x86_64, r-release-macos-arm64, r-release-macos-x86_64, r-release-windows-x86_64, r-oldrel-macos-arm64, r-oldrel-macos-x86_64, r-oldrel-windows-x86_64
Version: 2.4
Check: installed package size
Result: NOTE
installed size is 106.4Mb
sub-directories of 1Mb or more:
libs 105.7Mb
Flavors: r-release-macos-arm64, r-release-macos-x86_64, r-release-windows-x86_64, r-oldrel-macos-arm64, r-oldrel-macos-x86_64, r-oldrel-windows-x86_64
These binaries (installable software) and packages are in development.
They may not be fully stable and should be used with caution. We make no claims about them.