CRAN Package Check Results for Package eggCounts

Last updated on 2025-07-22 13:49:12 CEST.

Flavor Version Tinstall Tcheck Ttotal Status Flags
r-devel-linux-x86_64-debian-clang 2.4 731.55 164.45 896.00 NOTE
r-devel-linux-x86_64-debian-gcc 2.4 695.05 175.21 870.26 NOTE
r-devel-linux-x86_64-fedora-clang 2.4 1394.53 OK
r-devel-linux-x86_64-fedora-gcc 2.4 2030.73 OK
r-devel-windows-x86_64 2.4 858.00 247.00 1105.00 NOTE
r-patched-linux-x86_64 2.4 953.58 240.48 1194.06 NOTE
r-release-linux-x86_64 2.4 917.92 241.14 1159.06 NOTE
r-release-macos-arm64 2.4 366.00 OK
r-release-macos-x86_64 2.4 508.00 OK
r-release-windows-x86_64 2.4 853.00 251.00 1104.00 NOTE
r-oldrel-macos-arm64 2.4 209.00 NOTE
r-oldrel-macos-x86_64 2.4 208.00 NOTE
r-oldrel-windows-x86_64 2.4 940.00 305.00 1245.00 NOTE

Check Details

Version: 2.4
Check: Rd cross-references
Result: NOTE Found the following Rd file(s) with Rd \link{} targets missing package anchors: plotCounts.Rd: xyplot Please provide package anchors for all Rd \link{} targets not in the package itself and the base packages. Flavors: r-devel-linux-x86_64-debian-clang, r-devel-linux-x86_64-debian-gcc, r-devel-windows-x86_64, r-patched-linux-x86_64, r-release-linux-x86_64, r-release-windows-x86_64

Version: 2.4
Check: package dependencies
Result: NOTE Package suggested but not available for checking: ‘eggCountsExtra’ Flavors: r-oldrel-macos-arm64, r-oldrel-macos-x86_64, r-oldrel-windows-x86_64

Version: 2.4
Check: installed package size
Result: NOTE installed size is 106.4Mb sub-directories of 1Mb or more: libs 105.7Mb Flavors: r-oldrel-macos-arm64, r-oldrel-macos-x86_64, r-oldrel-windows-x86_64

Version: 2.4
Check: for GNU extensions in Makefiles
Result: NOTE GNU make is a SystemRequirements. Flavors: r-oldrel-macos-arm64, r-oldrel-macos-x86_64, r-oldrel-windows-x86_64

These binaries (installable software) and packages are in development.
They may not be fully stable and should be used with caution. We make no claims about them.