Last updated on 2024-07-27 15:50:16 CEST.
Flavor | Version | Tinstall | Tcheck | Ttotal | Status | Flags |
---|---|---|---|---|---|---|
r-devel-linux-x86_64-debian-clang | 1.1.1 | 5.13 | 65.98 | 71.11 | OK | |
r-devel-linux-x86_64-debian-gcc | 1.1.1 | OK | ||||
r-devel-linux-x86_64-fedora-clang | 1.1.1 | 88.51 | NOTE | |||
r-devel-linux-x86_64-fedora-gcc | 1.1.1 | 97.24 | NOTE | |||
r-devel-windows-x86_64 | 1.1.1 | 8.00 | 71.00 | 79.00 | OK | |
r-patched-linux-x86_64 | 1.1.1 | OK | ||||
r-release-linux-x86_64 | 1.1.1 | 5.52 | 61.85 | 67.37 | OK | |
r-release-macos-arm64 | 1.1.1 | 36.00 | OK | |||
r-release-macos-x86_64 | 1.1.1 | 57.00 | OK | |||
r-release-windows-x86_64 | 1.1.1 | 7.00 | 72.00 | 79.00 | OK | |
r-oldrel-macos-arm64 | 1.1.1 | 41.00 | OK | |||
r-oldrel-macos-x86_64 | 1.1.1 | 52.00 | OK | |||
r-oldrel-windows-x86_64 | 1.1.1 | 10.00 | 79.00 | 89.00 | OK |
Version: 1.1.1
Check: dependencies in R code
Result: NOTE
Namespaces in Imports field not imported from:
‘Biostrings’ ‘DECIPHER’ ‘ggplot2’ ‘reshape2’ ‘usethis’
All declared Imports should be used.
Flavors: r-devel-linux-x86_64-fedora-clang, r-devel-linux-x86_64-fedora-gcc
These binaries (installable software) and packages are in development.
They may not be fully stable and should be used with caution. We make no claims about them.