CRAN Package Check Results for Package ensembleTax

Last updated on 2025-02-16 10:50:45 CET.

Flavor Version Tinstall Tcheck Ttotal Status Flags
r-devel-linux-x86_64-debian-clang 1.1.1 4.19 51.60 55.79 OK
r-devel-linux-x86_64-debian-gcc 1.1.1 3.51 38.82 42.33 OK
r-devel-linux-x86_64-fedora-clang 1.1.1 92.93 NOTE
r-devel-linux-x86_64-fedora-gcc 1.1.1 97.77 NOTE
r-devel-macos-arm64 1.1.1 40.00 OK
r-devel-macos-x86_64 1.1.1 75.00 OK
r-devel-windows-x86_64 1.1.1 7.00 71.00 78.00 OK
r-patched-linux-x86_64 1.1.1 4.94 48.23 53.17 OK
r-release-linux-x86_64 1.1.1 4.02 48.91 52.93 OK
r-release-macos-arm64 1.1.1 36.00 OK
r-release-macos-x86_64 1.1.1 57.00 OK
r-release-windows-x86_64 1.1.1 9.00 73.00 82.00 OK
r-oldrel-macos-arm64 1.1.1 41.00 OK
r-oldrel-macos-x86_64 1.1.1 52.00 OK
r-oldrel-windows-x86_64 1.1.1 11.00 83.00 94.00 OK

Check Details

Version: 1.1.1
Check: dependencies in R code
Result: NOTE Namespaces in Imports field not imported from: ‘Biostrings’ ‘DECIPHER’ ‘ggplot2’ ‘reshape2’ ‘usethis’ All declared Imports should be used. Flavors: r-devel-linux-x86_64-fedora-clang, r-devel-linux-x86_64-fedora-gcc

These binaries (installable software) and packages are in development.
They may not be fully stable and should be used with caution. We make no claims about them.