Last updated on 2025-02-16 10:50:45 CET.
Flavor | Version | Tinstall | Tcheck | Ttotal | Status | Flags |
---|---|---|---|---|---|---|
r-devel-linux-x86_64-debian-clang | 1.0-9 | 13.25 | 77.27 | 90.52 | OK | |
r-devel-linux-x86_64-debian-gcc | 1.0-9 | 8.84 | 54.19 | 63.03 | OK | |
r-devel-linux-x86_64-fedora-clang | 1.0-9 | 154.79 | OK | |||
r-devel-linux-x86_64-fedora-gcc | 1.0-9 | 138.70 | OK | |||
r-devel-macos-arm64 | 1.0-9 | 44.00 | OK | |||
r-devel-macos-x86_64 | 1.0-9 | 77.00 | OK | |||
r-devel-windows-x86_64 | 1.0-9 | 15.00 | 100.00 | 115.00 | OK | |
r-patched-linux-x86_64 | 1.0-9 | 13.64 | 71.02 | 84.66 | OK | |
r-release-linux-x86_64 | 1.0-9 | 13.93 | 70.98 | 84.91 | OK | |
r-release-macos-arm64 | 1.0-9 | 43.00 | OK | |||
r-release-macos-x86_64 | 1.0-9 | 68.00 | OK | |||
r-release-windows-x86_64 | 1.0-9 | 19.00 | 101.00 | 120.00 | OK | |
r-oldrel-macos-arm64 | 1.0-9 | 44.00 | OK | |||
r-oldrel-macos-x86_64 | 1.0-9 | 64.00 | NOTE | |||
r-oldrel-windows-x86_64 | 1.0-9 | 22.00 | 139.00 | 161.00 | OK |
Version: 1.0-9
Check: package dependencies
Result: NOTE
Packages suggested but not available for checking:
'fields', 'lme4', 'rworldmap', 'statnet'
Flavor: r-oldrel-macos-x86_64
These binaries (installable software) and packages are in development.
They may not be fully stable and should be used with caution. We make no claims about them.