CRAN Package Check Results for Package epitrix

Last updated on 2025-05-08 04:52:04 CEST.

Flavor Version Tinstall Tcheck Ttotal Status Flags
r-devel-linux-x86_64-debian-clang 0.4.0 4.26 52.26 56.52 NOTE
r-devel-linux-x86_64-debian-gcc 0.4.0 2.90 37.15 40.05 NOTE
r-devel-linux-x86_64-fedora-clang 0.4.0 89.65 OK
r-devel-linux-x86_64-fedora-gcc 0.4.0 101.98 OK
r-devel-windows-x86_64 0.4.0 6.00 70.00 76.00 NOTE
r-patched-linux-x86_64 0.4.0 4.57 49.35 53.92 NOTE
r-release-linux-x86_64 0.4.0 4.38 48.20 52.58 NOTE
r-release-macos-arm64 0.4.0 36.00 OK
r-release-macos-x86_64 0.4.0 66.00 OK
r-release-windows-x86_64 0.4.0 6.00 71.00 77.00 NOTE
r-oldrel-macos-arm64 0.4.0 37.00 OK
r-oldrel-macos-x86_64 0.4.0 53.00 OK
r-oldrel-windows-x86_64 0.4.0 7.00 81.00 88.00 OK

Check Details

Version: 0.4.0
Check: Rd cross-references
Result: NOTE Found the following Rd file(s) with Rd \link{} targets missing package anchors: fit_disc_gamma.Rd: distcrete gamma_tools.Rd: distcrete Please provide package anchors for all Rd \link{} targets not in the package itself and the base packages. Flavors: r-devel-linux-x86_64-debian-clang, r-devel-linux-x86_64-debian-gcc, r-devel-windows-x86_64, r-patched-linux-x86_64, r-release-linux-x86_64, r-release-windows-x86_64

These binaries (installable software) and packages are in development.
They may not be fully stable and should be used with caution. We make no claims about them.