Last updated on 2025-02-16 10:50:45 CET.
Flavor | Version | Tinstall | Tcheck | Ttotal | Status | Flags |
---|---|---|---|---|---|---|
r-devel-linux-x86_64-debian-clang | 0.4.0 | 4.29 | 51.22 | 55.51 | NOTE | |
r-devel-linux-x86_64-debian-gcc | 0.4.0 | 2.85 | 38.13 | 40.98 | NOTE | |
r-devel-linux-x86_64-fedora-clang | 0.4.0 | 89.04 | OK | |||
r-devel-linux-x86_64-fedora-gcc | 0.4.0 | 96.81 | OK | |||
r-devel-macos-arm64 | 0.4.0 | 38.00 | OK | |||
r-devel-macos-x86_64 | 0.4.0 | 66.00 | OK | |||
r-devel-windows-x86_64 | 0.4.0 | 6.00 | 74.00 | 80.00 | NOTE | |
r-patched-linux-x86_64 | 0.4.0 | 9.43 | 47.63 | 57.06 | OK | |
r-release-linux-x86_64 | 0.4.0 | 3.08 | 47.13 | 50.21 | OK | |
r-release-macos-arm64 | 0.4.0 | 37.00 | OK | |||
r-release-macos-x86_64 | 0.4.0 | 53.00 | OK | |||
r-release-windows-x86_64 | 0.4.0 | 6.00 | 71.00 | 77.00 | OK | |
r-oldrel-macos-arm64 | 0.4.0 | 38.00 | OK | |||
r-oldrel-macos-x86_64 | 0.4.0 | 54.00 | OK | |||
r-oldrel-windows-x86_64 | 0.4.0 | 7.00 | 93.00 | 100.00 | OK |
Version: 0.4.0
Check: Rd cross-references
Result: NOTE
Found the following Rd file(s) with Rd \link{} targets missing package
anchors:
fit_disc_gamma.Rd: distcrete
gamma_tools.Rd: distcrete
Please provide package anchors for all Rd \link{} targets not in the
package itself and the base packages.
Flavors: r-devel-linux-x86_64-debian-clang, r-devel-linux-x86_64-debian-gcc, r-devel-windows-x86_64
These binaries (installable software) and packages are in development.
They may not be fully stable and should be used with caution. We make no claims about them.