CRAN Package Check Results for Package epiworldR

Last updated on 2025-07-02 03:50:40 CEST.

Flavor Version Tinstall Tcheck Ttotal Status Flags
r-devel-linux-x86_64-debian-clang 0.8.3.0 98.26 90.44 188.70 OK
r-devel-linux-x86_64-debian-gcc 0.8.3.0 74.95 61.97 136.92 OK
r-devel-linux-x86_64-fedora-clang 0.8.3.0 301.92 OK
r-devel-linux-x86_64-fedora-gcc 0.8.3.0 338.24 OK
r-devel-windows-x86_64 0.8.3.0 96.00 136.00 232.00 OK
r-patched-linux-x86_64 OK
r-release-linux-x86_64 0.8.3.0 105.08 78.83 183.91 OK
r-release-macos-arm64 0.8.3.0 144.00 OK
r-release-macos-x86_64 0.8.3.0 146.00 OK
r-release-windows-x86_64 0.8.3.0 96.00 130.00 226.00 OK
r-oldrel-macos-arm64 0.8.3.0 113.00 NOTE
r-oldrel-macos-x86_64 0.8.3.0 142.00 NOTE
r-oldrel-windows-x86_64 0.8.3.0 104.00 158.00 262.00 NOTE

Additional issues

rchk

Check Details

Version: 0.8.3.0
Check: installed package size
Result: NOTE installed size is 19.6Mb sub-directories of 1Mb or more: doc 1.9Mb libs 15.6Mb Flavors: r-oldrel-macos-arm64, r-oldrel-macos-x86_64, r-oldrel-windows-x86_64

These binaries (installable software) and packages are in development.
They may not be fully stable and should be used with caution. We make no claims about them.