Last updated on 2025-10-23 11:50:12 CEST.
Flavor | Version | Tinstall | Tcheck | Ttotal | Status | Flags |
---|---|---|---|---|---|---|
r-devel-linux-x86_64-debian-clang | 0.8.3.0 | 95.88 | 91.12 | 187.00 | NOTE | |
r-devel-linux-x86_64-debian-gcc | 0.8.3.0 | 76.41 | 62.96 | 139.37 | OK | |
r-devel-linux-x86_64-fedora-clang | 0.8.3.0 | 198.00 | 98.88 | 296.88 | OK | |
r-devel-linux-x86_64-fedora-gcc | 0.8.3.0 | 202.00 | 137.67 | 339.67 | OK | |
r-devel-windows-x86_64 | 0.8.3.0 | 96.00 | 130.00 | 226.00 | OK | |
r-patched-linux-x86_64 | 0.8.3.0 | 107.20 | 81.91 | 189.11 | OK | |
r-release-linux-x86_64 | 0.8.3.0 | 98.98 | 81.27 | 180.25 | OK | |
r-release-macos-arm64 | 0.8.3.0 | 52.00 | 92.00 | 144.00 | OK | |
r-release-macos-x86_64 | 0.8.3.0 | 51.00 | 95.00 | 146.00 | OK | |
r-release-windows-x86_64 | 0.8.3.0 | 99.00 | 134.00 | 233.00 | OK | |
r-oldrel-macos-arm64 | 0.8.3.0 | 53.00 | 60.00 | 113.00 | NOTE | |
r-oldrel-macos-x86_64 | 0.8.3.0 | 50.00 | 92.00 | 142.00 | NOTE | |
r-oldrel-windows-x86_64 | 0.8.3.0 | 98.00 | 158.00 | 256.00 | NOTE |
Version: 0.8.3.0
Check: HTML version of manual
Result: NOTE
Found the following HTML validation problems:
epiworldR-deprecated.html:73:1 (epiworldR-deprecated.Rd:34): Warning: missing </ul> before </div>
Flavor: r-devel-linux-x86_64-debian-clang
Version: 0.8.3.0
Check: installed package size
Result: NOTE
installed size is 19.6Mb
sub-directories of 1Mb or more:
doc 1.9Mb
libs 15.6Mb
Flavors: r-oldrel-macos-arm64, r-oldrel-macos-x86_64, r-oldrel-windows-x86_64
These binaries (installable software) and packages are in development.
They may not be fully stable and should be used with caution. We make no claims about them.