Last updated on 2024-07-27 15:50:17 CEST.
Flavor | Version | Tinstall | Tcheck | Ttotal | Status | Flags |
---|---|---|---|---|---|---|
r-devel-linux-x86_64-debian-clang | 0.2.7 | 30.31 | 35.51 | 65.82 | NOTE | |
r-devel-linux-x86_64-debian-gcc | 0.2.7 | NOTE | ||||
r-devel-linux-x86_64-fedora-clang | 0.2.7 | 122.30 | NOTE | |||
r-devel-linux-x86_64-fedora-gcc | 0.2.7 | 89.10 | NOTE | |||
r-devel-windows-x86_64 | 0.2.7 | 28.00 | 72.00 | 100.00 | NOTE | |
r-patched-linux-x86_64 | 0.2.7 | NOTE | ||||
r-release-linux-x86_64 | 0.2.7 | 27.69 | 34.48 | 62.17 | NOTE | |
r-release-macos-arm64 | 0.2.7 | 28.00 | NOTE | |||
r-release-macos-x86_64 | 0.2.7 | 39.00 | NOTE | |||
r-release-windows-x86_64 | 0.2.7 | 36.00 | 72.00 | 108.00 | NOTE | |
r-oldrel-macos-arm64 | 0.2.7 | 33.00 | NOTE | |||
r-oldrel-macos-x86_64 | 0.2.7 | 49.00 | NOTE | |||
r-oldrel-windows-x86_64 | 0.2.7 | 31.00 | 79.00 | 110.00 | NOTE |
Version: 0.2.7
Check: C++ specification
Result: NOTE
Specified C++11: please drop specification unless essential
Flavors: r-devel-linux-x86_64-debian-clang, r-devel-linux-x86_64-debian-gcc, r-devel-linux-x86_64-fedora-clang, r-devel-linux-x86_64-fedora-gcc, r-devel-windows-x86_64, r-patched-linux-x86_64, r-release-linux-x86_64, r-release-macos-arm64, r-release-macos-x86_64, r-release-windows-x86_64, r-oldrel-macos-arm64, r-oldrel-macos-x86_64, r-oldrel-windows-x86_64
Version: 0.2.7
Check: compiled code
Result: NOTE
File ‘fastcmh/libs/fastcmh.so’:
Found no calls to: ‘R_registerRoutines’, ‘R_useDynamicSymbols’
It is good practice to register native routines and to disable symbol
search.
See ‘Writing portable packages’ in the ‘Writing R Extensions’ manual.
Flavors: r-devel-linux-x86_64-fedora-clang, r-devel-linux-x86_64-fedora-gcc
These binaries (installable software) and packages are in development.
They may not be fully stable and should be used with caution. We make no claims about them.