Last updated on 2025-02-19 16:50:48 CET.
Flavor | Version | Tinstall | Tcheck | Ttotal | Status | Flags |
---|---|---|---|---|---|---|
r-devel-linux-x86_64-debian-clang | 0.3.4 | 1.99 | 32.86 | 34.85 | OK | |
r-devel-linux-x86_64-debian-gcc | 0.3.4 | 1.82 | 25.77 | 27.59 | OK | |
r-devel-linux-x86_64-fedora-clang | 0.3.4 | 59.47 | OK | |||
r-devel-linux-x86_64-fedora-gcc | 0.3.4 | 70.59 | OK | |||
r-devel-macos-arm64 | 0.3.4 | 31.00 | OK | |||
r-devel-macos-x86_64 | 0.3.4 | 63.00 | OK | |||
r-devel-windows-x86_64 | 0.3.4 | 4.00 | 56.00 | 60.00 | OK | |
r-patched-linux-x86_64 | 0.3.4 | 2.25 | 31.31 | 33.56 | NOTE | |
r-release-linux-x86_64 | 0.3.4 | 1.91 | 31.42 | 33.33 | NOTE | |
r-release-macos-arm64 | 0.3.4 | 29.00 | NOTE | |||
r-release-macos-x86_64 | 0.3.4 | 50.00 | NOTE | |||
r-release-windows-x86_64 | 0.3.4 | 4.00 | 55.00 | 59.00 | NOTE | |
r-oldrel-macos-arm64 | 0.3.4 | 29.00 | NOTE | |||
r-oldrel-macos-x86_64 | 0.3.4 | 47.00 | NOTE | |||
r-oldrel-windows-x86_64 | 0.3.4 | 5.00 | 57.00 | 62.00 | NOTE |
Version: 0.3.4
Check: LazyData
Result: NOTE
'LazyData' is specified without a 'data' directory
Flavors: r-patched-linux-x86_64, r-release-linux-x86_64, r-release-macos-arm64, r-release-macos-x86_64, r-release-windows-x86_64, r-oldrel-macos-arm64, r-oldrel-macos-x86_64, r-oldrel-windows-x86_64
These binaries (installable software) and packages are in development.
They may not be fully stable and should be used with caution. We make no claims about them.