Last updated on 2025-11-11 15:50:34 CET.
| Flavor | Version | Tinstall | Tcheck | Ttotal | Status | Flags |
|---|---|---|---|---|---|---|
| r-devel-linux-x86_64-debian-clang | 1.0 | 8.96 | 74.78 | 83.74 | NOTE | |
| r-devel-linux-x86_64-debian-gcc | 1.0 | 6.27 | 55.15 | 61.42 | NOTE | |
| r-devel-linux-x86_64-fedora-clang | 1.0 | 51.00 | 86.30 | 137.30 | OK | |
| r-devel-linux-x86_64-fedora-gcc | 1.0 | 18.00 | 104.62 | 122.62 | OK | |
| r-devel-windows-x86_64 | 1.0 | 10.00 | 80.00 | 90.00 | NOTE | |
| r-patched-linux-x86_64 | 1.0 | 9.45 | 72.28 | 81.73 | NOTE | |
| r-release-linux-x86_64 | 1.0 | 8.75 | 72.46 | 81.21 | NOTE | |
| r-release-macos-arm64 | 1.0 | 5.00 | 35.00 | 40.00 | OK | |
| r-release-macos-x86_64 | 1.0 | 8.00 | 69.00 | 77.00 | OK | |
| r-release-windows-x86_64 | 1.0 | 11.00 | 80.00 | 91.00 | NOTE | |
| r-oldrel-macos-arm64 | 1.0 | 4.00 | 31.00 | 35.00 | OK | |
| r-oldrel-macos-x86_64 | 1.0 | 6.00 | 49.00 | 55.00 | OK | |
| r-oldrel-windows-x86_64 | 1.0 | 13.00 | 95.00 | 108.00 | OK |
Version: 1.0
Check: Rd cross-references
Result: NOTE
Found the following Rd file(s) with Rd \link{} targets missing package
anchors:
fpAnova.Rd: anovaBF
Please provide package anchors for all Rd \link{} targets not in the
package itself and the base packages.
Flavors: r-devel-linux-x86_64-debian-clang, r-devel-linux-x86_64-debian-gcc, r-devel-windows-x86_64, r-patched-linux-x86_64, r-release-linux-x86_64, r-release-windows-x86_64
These binaries (installable software) and packages are in development.
They may not be fully stable and should be used with caution. We make no claims about them.