Last updated on 2025-10-23 09:50:45 CEST.
Flavor | Version | Tinstall | Tcheck | Ttotal | Status | Flags |
---|---|---|---|---|---|---|
r-devel-linux-x86_64-debian-clang | 0.1.3 | 18.05 | 120.90 | 138.95 | NOTE | |
r-devel-linux-x86_64-debian-gcc | 0.1.3 | 12.05 | 83.30 | 95.35 | OK | |
r-devel-linux-x86_64-fedora-clang | 0.1.3 | 81.00 | 139.50 | 220.50 | OK | |
r-devel-linux-x86_64-fedora-gcc | 0.1.3 | 78.00 | 130.07 | 208.07 | OK | |
r-devel-windows-x86_64 | 0.1.3 | 17.00 | 113.00 | 130.00 | OK | |
r-patched-linux-x86_64 | 0.1.3 | 16.15 | 110.16 | 126.31 | OK | |
r-release-linux-x86_64 | 0.1.3 | 14.81 | 111.67 | 126.48 | OK | |
r-release-macos-arm64 | 0.1.3 | 6.00 | 47.00 | 53.00 | OK | |
r-release-macos-x86_64 | 0.1.3 | 23.00 | 142.00 | 165.00 | OK | |
r-release-windows-x86_64 | 0.1.3 | 17.00 | 112.00 | 129.00 | OK | |
r-oldrel-macos-arm64 | 0.1.3 | 7.00 | 46.00 | 53.00 | OK | |
r-oldrel-macos-x86_64 | 0.1.3 | 10.00 | 64.00 | 74.00 | OK | |
r-oldrel-windows-x86_64 | 0.1.3 | 24.00 | 144.00 | 168.00 | OK |
Version: 0.1.3
Check: HTML version of manual
Result: NOTE
Found the following HTML validation problems:
Resampler.html:203:1 (Resampler.Rd:144): Warning: <h5> anchor "Usage" already defined
Resampler.html:209:1 (Resampler.Rd:148): Warning: <h5> anchor "Returns" already defined
Resampler.html:227:1 (Resampler.Rd:158): Warning: <h5> anchor "Usage" already defined
Resampler.html:233:1 (Resampler.Rd:162): Warning: <h5> anchor "Arguments" already defined
Resampler.html:246:1 (Resampler.Rd:169): Warning: <h5> anchor "Returns" already defined
Resampler.html:263:1 (Resampler.Rd:178): Warning: <h5> anchor "Usage" already defined
Resampler.html:269:1 (Resampler.Rd:182): Warning: <h5> anchor "Arguments" already defined
Flavor: r-devel-linux-x86_64-debian-clang
These binaries (installable software) and packages are in development.
They may not be fully stable and should be used with caution. We make no claims about them.