CRAN Package Check Results for Package freqpcr

Last updated on 2025-10-03 05:53:32 CEST.

Flavor Version Tinstall Tcheck Ttotal Status Flags
r-devel-linux-x86_64-debian-clang 0.4.0 3.43 46.21 49.64 NOTE
r-devel-linux-x86_64-debian-gcc 0.4.0 2.43 34.53 36.96 NOTE
r-devel-linux-x86_64-fedora-clang 0.4.0 74.90 OK
r-devel-linux-x86_64-fedora-gcc 0.4.0 86.79 OK
r-devel-windows-x86_64 0.4.0 7.00 67.00 74.00 OK
r-patched-linux-x86_64 0.4.0 3.33 41.92 45.25 OK
r-release-linux-x86_64 0.4.0 3.21 42.55 45.76 OK
r-release-macos-arm64 0.4.0 31.00 OK
r-release-macos-x86_64 0.4.0 61.00 OK
r-release-windows-x86_64 0.4.0 4.00 68.00 72.00 OK
r-oldrel-macos-arm64 0.4.0 30.00 OK
r-oldrel-macos-x86_64 0.4.0 44.00 OK
r-oldrel-windows-x86_64 0.4.0 5.00 76.00 81.00 OK

Check Details

Version: 0.4.0
Check: CRAN incoming feasibility
Result: NOTE Maintainer: ‘Masaaki Sudo <masaaki@sudori.info>’ Package CITATION file contains call(s) to old-style personList() or as.personList(). Please use c() on person objects instead. Package CITATION file contains call(s) to old-style citEntry(). Please use bibentry() instead. Flavors: r-devel-linux-x86_64-debian-clang, r-devel-linux-x86_64-debian-gcc

These binaries (installable software) and packages are in development.
They may not be fully stable and should be used with caution. We make no claims about them.