CRAN Package Check Results for Package gambin

Last updated on 2025-05-08 04:52:05 CEST.

Flavor Version Tinstall Tcheck Ttotal Status Flags
r-devel-linux-x86_64-debian-clang 2.5.0 2.68 37.22 39.90 NOTE
r-devel-linux-x86_64-debian-gcc 2.5.0 1.95 28.92 30.87 NOTE
r-devel-linux-x86_64-fedora-clang 2.5.0 63.39 OK
r-devel-linux-x86_64-fedora-gcc 2.5.0 71.05 OK
r-devel-windows-x86_64 2.5.0 4.00 68.00 72.00 OK
r-patched-linux-x86_64 2.5.0 2.19 35.13 37.32 OK
r-release-linux-x86_64 2.5.0 2.65 34.54 37.19 OK
r-release-macos-arm64 2.5.0 43.00 OK
r-release-macos-x86_64 2.5.0 59.00 OK
r-release-windows-x86_64 2.5.0 4.00 67.00 71.00 OK
r-oldrel-macos-arm64 2.5.0 35.00 OK
r-oldrel-macos-x86_64 2.5.0 55.00 OK
r-oldrel-windows-x86_64 2.5.0 5.00 75.00 80.00 OK

Check Details

Version: 2.5.0
Check: CRAN incoming feasibility
Result: NOTE Maintainer: ‘Thomas Matthews <txm676@gmail.com>’ Package CITATION file contains call(s) to old-style personList() or as.personList(). Please use c() on person objects instead. Package CITATION file contains call(s) to old-style citEntry(). Please use bibentry() instead. Flavors: r-devel-linux-x86_64-debian-clang, r-devel-linux-x86_64-debian-gcc

These binaries (installable software) and packages are in development.
They may not be fully stable and should be used with caution. We make no claims about them.