Last updated on 2025-10-25 13:48:37 CEST.
| Flavor | Version | Tinstall | Tcheck | Ttotal | Status | Flags |
|---|---|---|---|---|---|---|
| r-devel-linux-x86_64-debian-clang | 1.1.3.7 | 4.60 | 37.10 | 41.70 | OK | |
| r-devel-linux-x86_64-debian-gcc | 1.1.3.7 | 3.43 | 29.64 | 33.07 | OK | |
| r-devel-linux-x86_64-fedora-clang | 1.1.3.7 | 63.85 | NOTE | |||
| r-devel-linux-x86_64-fedora-gcc | 1.1.3.7 | 11.00 | 50.82 | 61.82 | NOTE | |
| r-devel-windows-x86_64 | 1.1.3.7 | 9.00 | 56.00 | 65.00 | OK | |
| r-patched-linux-x86_64 | 1.1.3.7 | 3.97 | 36.89 | 40.86 | OK | |
| r-release-linux-x86_64 | 1.1.3.7 | 4.49 | 36.51 | 41.00 | OK | |
| r-release-macos-arm64 | 1.1.3.7 | 5.00 | 25.00 | 30.00 | OK | |
| r-release-macos-x86_64 | 1.1.3.7 | 7.00 | 40.00 | 47.00 | OK | |
| r-release-windows-x86_64 | 1.1.3.7 | 9.00 | 58.00 | 67.00 | OK | |
| r-oldrel-macos-arm64 | 1.1.3.7 | 3.00 | 20.00 | 23.00 | NOTE | |
| r-oldrel-macos-x86_64 | 1.1.3.7 | 5.00 | 30.00 | 35.00 | NOTE | |
| r-oldrel-windows-x86_64 | 1.1.3.7 | 11.00 | 68.00 | 79.00 | NOTE |
Version: 1.1.3.7
Check: dependencies in R code
Result: NOTE
Namespace in Imports field not imported from: ‘grDevices’
All declared Imports should be used.
Flavors: r-devel-linux-x86_64-fedora-clang, r-devel-linux-x86_64-fedora-gcc
Version: 1.1.3.7
Check: LazyData
Result: NOTE
'LazyData' is specified without a 'data' directory
Flavors: r-oldrel-macos-arm64, r-oldrel-macos-x86_64, r-oldrel-windows-x86_64
These binaries (installable software) and packages are in development.
They may not be fully stable and should be used with caution. We make no claims about them.