Last updated on 2025-02-16 10:50:46 CET.
Flavor | Version | Tinstall | Tcheck | Ttotal | Status | Flags |
---|---|---|---|---|---|---|
r-devel-linux-x86_64-debian-clang | 1.6 | 491.48 | 93.75 | 585.23 | OK | |
r-devel-linux-x86_64-debian-gcc | 1.6 | 421.07 | 106.24 | 527.31 | OK | |
r-devel-linux-x86_64-fedora-clang | 1.6 | 1117.85 | OK | |||
r-devel-linux-x86_64-fedora-gcc | 1.6 | 1416.72 | OK | |||
r-devel-macos-arm64 | 1.6 | 230.00 | OK | |||
r-devel-macos-x86_64 | 1.6 | 266.00 | OK | |||
r-devel-windows-x86_64 | 1.6 | 507.00 | 195.00 | 702.00 | OK | |
r-patched-linux-x86_64 | 1.6 | 565.04 | 138.76 | 703.80 | OK | |
r-release-linux-x86_64 | 1.6 | 558.77 | 139.82 | 698.59 | OK | |
r-release-macos-arm64 | 1.6 | 144.00 | NOTE | |||
r-release-macos-x86_64 | 1.6 | 132.00 | NOTE | |||
r-release-windows-x86_64 | 1.6 | 512.00 | 198.00 | 710.00 | NOTE | |
r-oldrel-macos-arm64 | 1.6 | 279.00 | NOTE | |||
r-oldrel-macos-x86_64 | 1.6 | 318.00 | NOTE | |||
r-oldrel-windows-x86_64 | 1.6 | 641.00 | 212.00 | 853.00 | NOTE |
Version: 1.6
Check: installed package size
Result: NOTE
installed size is 96.4Mb
sub-directories of 1Mb or more:
extdata 1.6Mb
libs 92.8Mb
Flavors: r-release-macos-arm64, r-release-macos-x86_64, r-release-windows-x86_64, r-oldrel-macos-arm64, r-oldrel-macos-x86_64, r-oldrel-windows-x86_64
These binaries (installable software) and packages are in development.
They may not be fully stable and should be used with caution. We make no claims about them.