Last updated on 2025-10-23 17:50:48 CEST.
Flavor | Version | Tinstall | Tcheck | Ttotal | Status | Flags |
---|---|---|---|---|---|---|
r-devel-linux-x86_64-debian-clang | 1.6 | 501.56 | 101.36 | 602.92 | OK | |
r-devel-linux-x86_64-debian-gcc | 1.6 | 412.47 | 103.81 | 516.28 | OK | |
r-devel-linux-x86_64-fedora-clang | 1.6 | 1140.00 | -0.95 | 1139.05 | OK | |
r-devel-linux-x86_64-fedora-gcc | 1.6 | 592.00 | 676.21 | 1268.21 | OK | |
r-devel-windows-x86_64 | 1.6 | 558.00 | 203.00 | 761.00 | OK | |
r-patched-linux-x86_64 | 1.6 | 580.23 | 148.65 | 728.88 | OK | |
r-release-linux-x86_64 | 1.6 | 579.76 | 150.11 | 729.87 | OK | |
r-release-macos-arm64 | 1.6 | 174.00 | 60.00 | 234.00 | OK | |
r-release-macos-x86_64 | 1.6 | 162.00 | 104.00 | 266.00 | OK | |
r-release-windows-x86_64 | 1.6 | 565.00 | 208.00 | 773.00 | OK | |
r-oldrel-macos-arm64 | 1.6 | 103.00 | 41.00 | 144.00 | NOTE | |
r-oldrel-macos-x86_64 | 1.6 | 63.00 | 69.00 | 132.00 | NOTE | |
r-oldrel-windows-x86_64 | 1.6 | 661.00 | 242.00 | 903.00 | NOTE |
Version: 1.6
Check: installed package size
Result: NOTE
installed size is 96.4Mb
sub-directories of 1Mb or more:
extdata 1.6Mb
libs 92.8Mb
Flavors: r-oldrel-macos-arm64, r-oldrel-macos-x86_64, r-oldrel-windows-x86_64
These binaries (installable software) and packages are in development.
They may not be fully stable and should be used with caution. We make no claims about them.