Last updated on 2025-05-21 21:49:17 CEST.
Flavor | Version | Tinstall | Tcheck | Ttotal | Status | Flags |
---|---|---|---|---|---|---|
r-devel-linux-x86_64-debian-clang | 1.6 | 526.82 | 96.55 | 623.37 | OK | |
r-devel-linux-x86_64-debian-gcc | 1.6 | 423.63 | 105.07 | 528.70 | OK | |
r-devel-linux-x86_64-fedora-clang | 1.6 | 1093.23 | OK | |||
r-devel-linux-x86_64-fedora-gcc | 1.6 | 1461.44 | OK | |||
r-devel-windows-x86_64 | 1.6 | 571.00 | 230.00 | 801.00 | OK | |
r-patched-linux-x86_64 | 1.6 | 565.15 | 142.73 | 707.88 | OK | |
r-release-linux-x86_64 | 1.6 | 571.54 | 146.00 | 717.54 | OK | |
r-release-macos-arm64 | 1.6 | 234.00 | OK | |||
r-release-macos-x86_64 | 1.6 | 266.00 | OK | |||
r-release-windows-x86_64 | 1.6 | 568.00 | 229.00 | 797.00 | OK | |
r-oldrel-macos-arm64 | 1.6 | 144.00 | NOTE | |||
r-oldrel-macos-x86_64 | 1.6 | 132.00 | NOTE | |||
r-oldrel-windows-x86_64 | 1.6 | 656.00 | 230.00 | 886.00 | NOTE |
Version: 1.6
Check: installed package size
Result: NOTE
installed size is 96.4Mb
sub-directories of 1Mb or more:
extdata 1.6Mb
libs 92.8Mb
Flavors: r-oldrel-macos-arm64, r-oldrel-macos-x86_64, r-oldrel-windows-x86_64
These binaries (installable software) and packages are in development.
They may not be fully stable and should be used with caution. We make no claims about them.