Last updated on 2025-07-05 01:49:22 CEST.
Flavor | Version | Tinstall | Tcheck | Ttotal | Status | Flags |
---|---|---|---|---|---|---|
r-devel-linux-x86_64-debian-clang | 1.6 | 534.13 | 96.94 | 631.07 | OK | |
r-devel-linux-x86_64-debian-gcc | 1.6 | 424.66 | 105.38 | 530.04 | OK | |
r-devel-linux-x86_64-fedora-clang | 1.6 | 1074.09 | OK | |||
r-devel-linux-x86_64-fedora-gcc | 1.6 | 1274.68 | OK | |||
r-devel-windows-x86_64 | 1.6 | 540.00 | 209.00 | 749.00 | OK | |
r-patched-linux-x86_64 | 1.6 | 597.64 | 144.15 | 741.79 | OK | |
r-release-linux-x86_64 | 1.6 | 572.93 | 143.61 | 716.54 | OK | |
r-release-macos-arm64 | 1.6 | 234.00 | OK | |||
r-release-macos-x86_64 | 1.6 | 266.00 | OK | |||
r-release-windows-x86_64 | 1.6 | 552.00 | 213.00 | 765.00 | OK | |
r-oldrel-macos-arm64 | 1.6 | 144.00 | NOTE | |||
r-oldrel-macos-x86_64 | 1.6 | 132.00 | NOTE | |||
r-oldrel-windows-x86_64 | 1.6 | 660.00 | 242.00 | 902.00 | NOTE |
Version: 1.6
Check: installed package size
Result: NOTE
installed size is 96.4Mb
sub-directories of 1Mb or more:
extdata 1.6Mb
libs 92.8Mb
Flavors: r-oldrel-macos-arm64, r-oldrel-macos-x86_64, r-oldrel-windows-x86_64
These binaries (installable software) and packages are in development.
They may not be fully stable and should be used with caution. We make no claims about them.