CRAN Package Check Results for Package genBaRcode

Last updated on 2025-10-23 11:50:14 CEST.

Flavor Version Tinstall Tcheck Ttotal Status Flags
r-devel-linux-x86_64-debian-clang 1.2.8 9.08 264.72 273.80 NOTE
r-devel-linux-x86_64-debian-gcc 1.2.8 5.80 205.34 211.14 OK
r-devel-linux-x86_64-fedora-clang 1.2.8 33.00 390.55 423.55 OK
r-devel-linux-x86_64-fedora-gcc 1.2.8 87.00 367.22 454.22 OK
r-devel-windows-x86_64 1.2.8 11.00 388.00 399.00 OK
r-patched-linux-x86_64 1.2.8 8.91 262.56 271.47 OK
r-release-linux-x86_64 1.2.8 8.13 268.09 276.22 OK
r-release-macos-arm64 1.2.8 3.00 131.00 134.00 OK
r-release-macos-x86_64 1.2.8 8.00 245.00 253.00 OK
r-release-windows-x86_64 1.2.8 10.00 397.00 407.00 OK
r-oldrel-macos-arm64 1.2.8 3.00 123.00 126.00 OK
r-oldrel-macos-x86_64 1.2.8 10.00 253.00 263.00 OK
r-oldrel-windows-x86_64 1.2.8 14.00 457.00 471.00 OK

Check Details

Version: 1.2.8
Check: HTML version of manual
Result: NOTE Found the following HTML validation problems: dot-createPatternFile.html:50:1 (dot-createPatternFile.Rd:12): Warning: missing </ul> before </div> dot-generateColors.html:54:1 (dot-generateColors.Rd:14): Warning: missing </ul> before </div> dot-getBarcodeFilter.html:46:1 (dot-getBarcodeFilter.Rd:10): Warning: missing </ul> before </div> dot-getMinDist.html:56:1 (dot-getMinDist.Rd:16): Warning: missing </ul> before </div> dot-getWobblePos.html:46:1 (dot-getWobblePos.Rd:10): Warning: missing </ul> before </div> dot-revComp.html:46:1 (dot-revComp.Rd:10): Warning: missing </ul> before </div> dot-revComp_EqLength.html:50:1 (dot-revComp_EqLength.Rd:12): Warning: missing </ul> before </div> dot-revComp_UneqLength.html:46:1 (dot-revComp_UneqLength.Rd:10): Warning: missing </ul> before </div> dot-testDirIdentifier.html:46:1 (dot-testDirIdentifier.Rd:10): Warning: missing </ul> before </div> genBaRcode_app.html:47:1 (genBaRcode_app.Rd:11): Warning: missing </ul> before </div> plotClusterTree.html:70:1 (plotClusterTree.Rd:26): Warning: missing </ul> before </div> Flavor: r-devel-linux-x86_64-debian-clang

These binaries (installable software) and packages are in development.
They may not be fully stable and should be used with caution. We make no claims about them.