Last updated on 2024-07-27 15:50:18 CEST.
Flavor | Version | Tinstall | Tcheck | Ttotal | Status | Flags |
---|---|---|---|---|---|---|
r-devel-linux-x86_64-debian-clang | 1.2.7 | 39.66 | 354.41 | 394.07 | OK | |
r-devel-linux-x86_64-debian-gcc | 1.2.7 | OK | ||||
r-devel-linux-x86_64-fedora-clang | 1.2.7 | 518.90 | OK | |||
r-devel-linux-x86_64-fedora-gcc | 1.2.7 | 488.41 | OK | |||
r-devel-windows-x86_64 | 1.2.7 | 35.00 | 244.00 | 279.00 | OK | |
r-patched-linux-x86_64 | 1.2.7 | OK | ||||
r-release-linux-x86_64 | 1.2.7 | 28.32 | 337.95 | 366.27 | OK | |
r-release-macos-arm64 | 1.2.7 | 130.00 | OK | |||
r-release-macos-x86_64 | 1.2.7 | 371.00 | OK | |||
r-release-windows-x86_64 | 1.2.7 | 35.00 | 242.00 | 277.00 | OK | |
r-oldrel-macos-arm64 | 1.2.7 | 146.00 | NOTE | |||
r-oldrel-macos-x86_64 | 1.2.7 | 267.00 | NOTE | |||
r-oldrel-windows-x86_64 | 1.2.7 | 49.00 | 341.00 | 390.00 | OK |
Version: 1.2.7
Check: package dependencies
Result: NOTE
Package suggested but not available for checking: ‘rrvgo’
Flavors: r-oldrel-macos-arm64, r-oldrel-macos-x86_64
These binaries (installable software) and packages are in development.
They may not be fully stable and should be used with caution. We make no claims about them.