Last updated on 2025-02-16 10:50:46 CET.
Flavor | Version | Tinstall | Tcheck | Ttotal | Status | Flags |
---|---|---|---|---|---|---|
r-devel-linux-x86_64-debian-clang | 1.2.8 | 35.45 | 284.67 | 320.12 | OK | |
r-devel-linux-x86_64-debian-gcc | 1.2.8 | 26.17 | 206.49 | 232.66 | OK | |
r-devel-linux-x86_64-fedora-clang | 1.2.8 | 537.26 | OK | |||
r-devel-linux-x86_64-fedora-gcc | 1.2.8 | 486.26 | OK | |||
r-devel-macos-arm64 | 1.2.8 | 115.00 | OK | |||
r-devel-macos-x86_64 | 1.2.8 | 362.00 | OK | |||
r-devel-windows-x86_64 | 1.2.8 | 37.00 | 240.00 | 277.00 | OK | |
r-patched-linux-x86_64 | 1.2.8 | 31.62 | 262.66 | 294.28 | OK | |
r-release-linux-x86_64 | 1.2.8 | 30.96 | 261.43 | 292.39 | OK | |
r-release-macos-arm64 | 1.2.8 | 120.00 | OK | |||
r-release-macos-x86_64 | 1.2.8 | 278.00 | OK | |||
r-release-windows-x86_64 | 1.2.8 | 37.00 | 263.00 | 300.00 | OK | |
r-oldrel-macos-arm64 | 1.2.8 | 134.00 | NOTE | |||
r-oldrel-macos-x86_64 | 1.2.8 | 275.00 | NOTE | |||
r-oldrel-windows-x86_64 | 1.2.8 | 50.00 | 309.00 | 359.00 | OK |
Version: 1.2.8
Check: package dependencies
Result: NOTE
Package suggested but not available for checking: ‘rrvgo’
Flavors: r-oldrel-macos-arm64, r-oldrel-macos-x86_64
These binaries (installable software) and packages are in development.
They may not be fully stable and should be used with caution. We make no claims about them.