Last updated on 2025-11-11 17:49:59 CET.
| Flavor | Version | Tinstall | Tcheck | Ttotal | Status | Flags |
|---|---|---|---|---|---|---|
| r-devel-linux-x86_64-debian-clang | 1.2.8 | 37.79 | 305.47 | 343.26 | OK | |
| r-devel-linux-x86_64-debian-gcc | 1.2.8 | 27.11 | 212.40 | 239.51 | OK | |
| r-devel-linux-x86_64-fedora-clang | 1.2.8 | 181.00 | 362.59 | 543.59 | OK | |
| r-devel-linux-x86_64-fedora-gcc | 1.2.8 | 73.00 | 426.48 | 499.48 | OK | |
| r-devel-windows-x86_64 | 1.2.8 | 39.00 | 255.00 | 294.00 | OK | |
| r-patched-linux-x86_64 | 1.2.8 | 35.03 | 286.94 | 321.97 | OK | |
| r-release-linux-x86_64 | 1.2.8 | 0.36 | 1.78 | 2.14 | ERROR | |
| r-release-macos-arm64 | 1.2.8 | 15.00 | 100.00 | 115.00 | OK | |
| r-release-macos-x86_64 | 1.2.8 | 57.00 | 305.00 | 362.00 | OK | |
| r-release-windows-x86_64 | 1.2.8 | 38.00 | 253.00 | 291.00 | OK | |
| r-oldrel-macos-arm64 | 1.2.8 | 15.00 | 105.00 | 120.00 | OK | |
| r-oldrel-macos-x86_64 | 1.2.8 | 42.00 | 236.00 | 278.00 | OK | |
| r-oldrel-windows-x86_64 | 1.2.8 | 52.00 | 349.00 | 401.00 | OK |
Version: 1.2.8
Check: package dependencies
Result: ERROR
Package required but not available: ‘clusterProfiler’
See section ‘The DESCRIPTION file’ in the ‘Writing R Extensions’
manual.
Flavor: r-release-linux-x86_64
These binaries (installable software) and packages are in development.
They may not be fully stable and should be used with caution. We make no claims about them.