CRAN Package Check Results for Package genepop

Last updated on 2025-07-25 01:49:28 CEST.

Flavor Version Tinstall Tcheck Ttotal Status Flags
r-devel-linux-x86_64-debian-clang 1.2.2 80.02 37.71 117.73 NOTE
r-devel-linux-x86_64-debian-gcc 1.2.2 58.97 27.70 86.67 NOTE
r-devel-linux-x86_64-fedora-clang 1.2.2 209.90 NOTE
r-devel-linux-x86_64-fedora-gcc 1.2.2 220.34 NOTE
r-devel-windows-x86_64 1.2.2 93.00 93.00 186.00 NOTE
r-patched-linux-x86_64 1.2.2 83.11 32.94 116.05 NOTE
r-release-linux-x86_64 1.2.2 87.48 32.93 120.41 NOTE
r-release-macos-arm64 1.2.2 62.00 NOTE
r-release-macos-x86_64 1.2.2 69.00 NOTE
r-release-windows-x86_64 1.2.2 92.00 82.00 174.00 NOTE
r-oldrel-macos-arm64 1.2.2 62.00 NOTE
r-oldrel-macos-x86_64 1.2.2 61.00 NOTE
r-oldrel-windows-x86_64 1.2.2 110.00 99.00 209.00 NOTE

Check Details

Version: 1.2.2
Check: CRAN incoming feasibility
Result: NOTE Maintainer: ‘François Rousset <francois.rousset@umontpellier.fr>’ Package CITATION file contains call(s) to old-style personList() or as.personList(). Please use c() on person objects instead. Package CITATION file contains call(s) to old-style citEntry(). Please use bibentry() instead. Flavors: r-devel-linux-x86_64-debian-clang, r-devel-linux-x86_64-debian-gcc

Version: 1.2.2
Check: C++ specification
Result: NOTE Specified C++11: please drop specification unless essential Flavors: r-devel-linux-x86_64-debian-clang, r-devel-linux-x86_64-debian-gcc, r-devel-linux-x86_64-fedora-clang, r-devel-linux-x86_64-fedora-gcc, r-devel-windows-x86_64, r-patched-linux-x86_64, r-release-linux-x86_64, r-release-macos-arm64, r-release-macos-x86_64, r-release-windows-x86_64, r-oldrel-macos-arm64, r-oldrel-macos-x86_64, r-oldrel-windows-x86_64

Version: 1.2.2
Check: installed package size
Result: NOTE installed size is 11.7Mb sub-directories of 1Mb or more: doc 1.5Mb libs 9.3Mb Flavors: r-oldrel-macos-arm64, r-oldrel-macos-x86_64

These binaries (installable software) and packages are in development.
They may not be fully stable and should be used with caution. We make no claims about them.