CRAN Package Check Results for Package genepop

Last updated on 2025-02-07 08:51:22 CET.

Flavor Version Tinstall Tcheck Ttotal Status Flags
r-devel-linux-x86_64-debian-clang 1.2.2 81.87 36.58 118.45 NOTE
r-devel-linux-x86_64-debian-gcc 1.2.2 61.89 26.88 88.77 NOTE
r-devel-linux-x86_64-fedora-clang 1.2.2 223.92 NOTE
r-devel-linux-x86_64-fedora-gcc 1.2.2 233.84 NOTE
r-devel-windows-x86_64 1.2.2 85.00 83.00 168.00 NOTE
r-patched-linux-x86_64 1.2.2 89.38 32.26 121.64 NOTE
r-release-linux-x86_64 1.2.2 85.86 32.66 118.52 NOTE
r-release-macos-arm64 1.2.2 62.00 NOTE
r-release-macos-x86_64 1.2.2 61.00 NOTE
r-release-windows-x86_64 1.2.2 84.00 87.00 171.00 NOTE
r-oldrel-macos-arm64 1.2.2 75.00 NOTE
r-oldrel-macos-x86_64 1.2.2 120.00 NOTE
r-oldrel-windows-x86_64 1.2.2 95.00 91.00 186.00 NOTE

Check Details

Version: 1.2.2
Check: C++ specification
Result: NOTE Specified C++11: please drop specification unless essential Flavors: r-devel-linux-x86_64-debian-clang, r-devel-linux-x86_64-debian-gcc, r-devel-linux-x86_64-fedora-clang, r-devel-linux-x86_64-fedora-gcc, r-devel-windows-x86_64, r-patched-linux-x86_64, r-release-linux-x86_64, r-release-macos-arm64, r-release-macos-x86_64, r-release-windows-x86_64, r-oldrel-macos-arm64, r-oldrel-macos-x86_64, r-oldrel-windows-x86_64

Version: 1.2.2
Check: installed package size
Result: NOTE installed size is 11.7Mb sub-directories of 1Mb or more: doc 1.5Mb libs 9.3Mb Flavors: r-release-macos-arm64, r-release-macos-x86_64, r-oldrel-macos-arm64, r-oldrel-macos-x86_64

These binaries (installable software) and packages are in development.
They may not be fully stable and should be used with caution. We make no claims about them.