Last updated on 2025-02-19 16:50:49 CET.
Flavor | Version | Tinstall | Tcheck | Ttotal | Status | Flags |
---|---|---|---|---|---|---|
r-devel-linux-x86_64-debian-clang | 0.1.10 | 7.05 | 66.95 | 74.00 | OK | |
r-devel-linux-x86_64-debian-gcc | 0.1.10 | 4.94 | 45.90 | 50.84 | OK | |
r-devel-linux-x86_64-fedora-clang | 0.1.10 | 112.94 | OK | |||
r-devel-linux-x86_64-fedora-gcc | 0.1.10 | 107.14 | OK | |||
r-devel-macos-arm64 | 0.1.10 | 39.00 | OK | |||
r-devel-macos-x86_64 | 0.1.10 | 73.00 | OK | |||
r-devel-windows-x86_64 | 0.1.10 | 10.00 | 88.00 | 98.00 | OK | |
r-patched-linux-x86_64 | 0.1.10 | 8.67 | 61.74 | 70.41 | OK | |
r-release-linux-x86_64 | 0.1.10 | 6.98 | 60.86 | 67.84 | OK | |
r-release-macos-arm64 | 0.1.10 | 44.00 | OK | |||
r-release-macos-x86_64 | 0.1.10 | 88.00 | NOTE | |||
r-release-windows-x86_64 | 0.1.10 | 10.00 | 93.00 | 103.00 | OK | |
r-oldrel-macos-arm64 | 0.1.10 | 35.00 | NOTE | |||
r-oldrel-macos-x86_64 | 0.1.10 | 106.00 | NOTE | |||
r-oldrel-windows-x86_64 | 0.1.10 | 13.00 | 104.00 | 117.00 | NOTE |
Version: 0.1.10
Check: package dependencies
Result: NOTE
Package suggested but not available for checking: ‘pwalign’
Flavors: r-release-macos-x86_64, r-oldrel-macos-arm64, r-oldrel-macos-x86_64, r-oldrel-windows-x86_64
These binaries (installable software) and packages are in development.
They may not be fully stable and should be used with caution. We make no claims about them.