CRAN Package Check Results for Package geneviewer

Last updated on 2025-07-19 15:51:13 CEST.

Flavor Version Tinstall Tcheck Ttotal Status Flags
r-devel-linux-x86_64-debian-clang 0.1.10 7.47 65.42 72.89 OK
r-devel-linux-x86_64-debian-gcc 0.1.10 4.73 47.62 52.35 OK
r-devel-linux-x86_64-fedora-clang 0.1.10 115.77 OK
r-devel-linux-x86_64-fedora-gcc 0.1.10 119.01 OK
r-devel-windows-x86_64 0.1.10 10.00 91.00 101.00 OK
r-patched-linux-x86_64 0.1.10 8.35 63.22 71.57 OK
r-release-linux-x86_64 0.1.10 7.35 62.46 69.81 OK
r-release-macos-arm64 0.1.10 35.00 OK
r-release-macos-x86_64 0.1.10 73.00 OK
r-release-windows-x86_64 0.1.10 9.00 90.00 99.00 OK
r-oldrel-macos-arm64 0.1.10 44.00 OK
r-oldrel-macos-x86_64 0.1.10 88.00 NOTE
r-oldrel-windows-x86_64 0.1.10 12.00 107.00 119.00 OK

Check Details

Version: 0.1.10
Check: package dependencies
Result: NOTE Package suggested but not available for checking: ‘pwalign’ Flavor: r-oldrel-macos-x86_64

These binaries (installable software) and packages are in development.
They may not be fully stable and should be used with caution. We make no claims about them.