Last updated on 2025-10-23 11:50:14 CEST.
Flavor | Version | Tinstall | Tcheck | Ttotal | Status | Flags |
---|---|---|---|---|---|---|
r-devel-linux-x86_64-debian-clang | 0.1.11 | 7.77 | 71.43 | 79.20 | OK | |
r-devel-linux-x86_64-debian-gcc | 0.1.11 | 5.05 | 48.69 | 53.74 | OK | |
r-devel-linux-x86_64-fedora-clang | 0.1.11 | 47.00 | 80.20 | 127.20 | OK | |
r-devel-linux-x86_64-fedora-gcc | 0.1.11 | 15.00 | 94.45 | 109.45 | OK | |
r-devel-windows-x86_64 | 0.1.11 | 9.00 | 88.00 | 97.00 | OK | |
r-patched-linux-x86_64 | 0.1.11 | 6.58 | 65.10 | 71.68 | OK | |
r-release-linux-x86_64 | 0.1.11 | 7.38 | 65.25 | 72.63 | OK | |
r-release-macos-arm64 | 0.1.11 | 3.00 | 34.00 | 37.00 | OK | |
r-release-macos-x86_64 | 0.1.11 | 9.00 | 67.00 | 76.00 | OK | |
r-release-windows-x86_64 | 0.1.11 | 11.00 | 92.00 | 103.00 | OK | |
r-oldrel-macos-arm64 | 0.1.11 | 3.00 | 38.00 | 41.00 | OK | |
r-oldrel-macos-x86_64 | 0.1.11 | 8.00 | 81.00 | 89.00 | NOTE | |
r-oldrel-windows-x86_64 | 0.1.11 | 12.00 | 111.00 | 123.00 | OK |
Version: 0.1.11
Check: package dependencies
Result: NOTE
Package suggested but not available for checking: ‘pwalign’
Flavor: r-oldrel-macos-x86_64
These binaries (installable software) and packages are in development.
They may not be fully stable and should be used with caution. We make no claims about them.