CRAN Package Check Results for Package genomic.autocorr

Last updated on 2025-07-02 05:50:16 CEST.

Flavor Version Tinstall Tcheck Ttotal Status Flags
r-devel-linux-x86_64-debian-clang 1.0-1 2.52 43.38 45.90 OK
r-devel-linux-x86_64-debian-gcc 1.0-1 2.00 31.79 33.79 OK
r-devel-linux-x86_64-fedora-clang 1.0-1 74.01 OK
r-devel-linux-x86_64-fedora-gcc 1.0-1 69.80 OK
r-devel-windows-x86_64 1.0-1 3.00 60.00 63.00 OK
r-patched-linux-x86_64 OK
r-release-linux-x86_64 1.0-1 2.15 39.99 42.14 OK
r-release-macos-arm64 1.0-1 23.00 OK
r-release-macos-x86_64 1.0-1 52.00 OK
r-release-windows-x86_64 1.0-1 3.00 61.00 64.00 OK
r-oldrel-macos-arm64 1.0-1 22.00 NOTE
r-oldrel-macos-x86_64 1.0-1 48.00 NOTE
r-oldrel-windows-x86_64 1.0-1 4.00 73.00 77.00 NOTE

Check Details

Version: 1.0-1
Check: LazyData
Result: NOTE 'LazyData' is specified without a 'data' directory Flavors: r-oldrel-macos-arm64, r-oldrel-macos-x86_64, r-oldrel-windows-x86_64

These binaries (installable software) and packages are in development.
They may not be fully stable and should be used with caution. We make no claims about them.