Last updated on 2025-05-08 04:52:05 CEST.
Flavor | Version | Tinstall | Tcheck | Ttotal | Status | Flags |
---|---|---|---|---|---|---|
r-devel-linux-x86_64-debian-clang | 1.0-1 | 2.76 | 42.79 | 45.55 | OK | |
r-devel-linux-x86_64-debian-gcc | 1.0-1 | 2.06 | 31.05 | 33.11 | OK | |
r-devel-linux-x86_64-fedora-clang | 1.0-1 | 70.31 | OK | |||
r-devel-linux-x86_64-fedora-gcc | 1.0-1 | 67.60 | OK | |||
r-devel-windows-x86_64 | 1.0-1 | 4.00 | 58.00 | 62.00 | OK | |
r-patched-linux-x86_64 | 1.0-1 | 2.44 | 42.27 | 44.71 | OK | |
r-release-linux-x86_64 | 1.0-1 | 2.40 | 40.03 | 42.43 | OK | |
r-release-macos-arm64 | 1.0-1 | 23.00 | OK | |||
r-release-macos-x86_64 | 1.0-1 | 52.00 | OK | |||
r-release-windows-x86_64 | 1.0-1 | 4.00 | 60.00 | 64.00 | OK | |
r-oldrel-macos-arm64 | 1.0-1 | 22.00 | NOTE | |||
r-oldrel-macos-x86_64 | 1.0-1 | 48.00 | NOTE | |||
r-oldrel-windows-x86_64 | 1.0-1 | 3.00 | 70.00 | 73.00 | NOTE |
Version: 1.0-1
Check: LazyData
Result: NOTE
'LazyData' is specified without a 'data' directory
Flavors: r-oldrel-macos-arm64, r-oldrel-macos-x86_64, r-oldrel-windows-x86_64
These binaries (installable software) and packages are in development.
They may not be fully stable and should be used with caution. We make no claims about them.