Last updated on 2025-02-02 19:48:22 CET.
Flavor | Version | Tinstall | Tcheck | Ttotal | Status | Flags |
---|---|---|---|---|---|---|
r-devel-linux-x86_64-debian-clang | 0.8.1 | 115.73 | 147.87 | 263.60 | OK | |
r-devel-linux-x86_64-debian-gcc | 0.8.1 | 72.93 | 103.68 | 176.61 | OK | |
r-devel-linux-x86_64-fedora-clang | 0.8.1 | 496.50 | OK | |||
r-devel-linux-x86_64-fedora-gcc | 0.8.1 | 477.96 | OK | |||
r-devel-windows-x86_64 | 0.8.1 | 116.00 | 161.00 | 277.00 | OK | |
r-patched-linux-x86_64 | 0.8.1 | 103.49 | 136.08 | 239.57 | OK | |
r-release-linux-x86_64 | 0.8.1 | 101.33 | 135.25 | 236.58 | OK | |
r-release-macos-arm64 | 0.8.1 | 110.00 | NOTE | |||
r-release-macos-x86_64 | 0.8.1 | 139.00 | NOTE | |||
r-release-windows-x86_64 | 0.8.1 | 116.00 | 164.00 | 280.00 | NOTE | |
r-oldrel-macos-arm64 | 0.8.1 | 120.00 | NOTE | |||
r-oldrel-macos-x86_64 | 0.8.1 | 220.00 | NOTE | |||
r-oldrel-windows-x86_64 | 0.8.1 | 137.00 | 204.00 | 341.00 | NOTE |
Version: 0.8.1
Check: installed package size
Result: NOTE
installed size is 8.2Mb
sub-directories of 1Mb or more:
doc 3.0Mb
extdata 1.6Mb
libs 3.0Mb
Flavors: r-release-macos-arm64, r-release-macos-x86_64, r-release-windows-x86_64, r-oldrel-macos-arm64, r-oldrel-macos-x86_64, r-oldrel-windows-x86_64
These binaries (installable software) and packages are in development.
They may not be fully stable and should be used with caution. We make no claims about them.