Last updated on 2025-05-21 21:49:17 CEST.
Flavor | Version | Tinstall | Tcheck | Ttotal | Status | Flags |
---|---|---|---|---|---|---|
r-devel-linux-x86_64-debian-clang | 0.9.0 | 114.29 | 179.52 | 293.81 | OK | |
r-devel-linux-x86_64-debian-gcc | 0.9.0 | 73.52 | 129.65 | 203.17 | OK | |
r-devel-linux-x86_64-fedora-clang | 0.9.0 | 548.25 | OK | |||
r-devel-linux-x86_64-fedora-gcc | 0.9.0 | 517.40 | OK | |||
r-devel-windows-x86_64 | 0.9.0 | 125.00 | 216.00 | 341.00 | OK | |
r-patched-linux-x86_64 | 0.9.0 | 101.99 | 176.62 | 278.61 | OK | |
r-release-linux-x86_64 | 0.9.0 | 99.53 | 176.49 | 276.02 | OK | |
r-release-macos-arm64 | 0.9.0 | 122.00 | OK | |||
r-release-macos-x86_64 | 0.9.0 | 225.00 | OK | |||
r-release-windows-x86_64 | 0.9.0 | 124.00 | 211.00 | 335.00 | OK | |
r-oldrel-macos-arm64 | 0.9.0 | 123.00 | NOTE | |||
r-oldrel-macos-x86_64 | 0.9.0 | 203.00 | NOTE | |||
r-oldrel-windows-x86_64 | 0.9.0 | 152.00 | 257.00 | 409.00 | NOTE |
Version: 0.9.0
Check: installed package size
Result: NOTE
installed size is 7.6Mb
sub-directories of 1Mb or more:
doc 1.6Mb
extdata 2.2Mb
libs 3.1Mb
Flavors: r-oldrel-macos-arm64, r-oldrel-macos-x86_64, r-oldrel-windows-x86_64
These binaries (installable software) and packages are in development.
They may not be fully stable and should be used with caution. We make no claims about them.