Last updated on 2025-11-11 15:50:35 CET.
| Flavor | Version | Tinstall | Tcheck | Ttotal | Status | Flags |
|---|---|---|---|---|---|---|
| r-devel-linux-x86_64-debian-clang | 1.2 | 18.12 | 125.01 | 143.13 | NOTE | |
| r-devel-linux-x86_64-debian-gcc | 1.2 | 10.52 | 89.70 | 100.22 | NOTE | |
| r-devel-linux-x86_64-fedora-clang | 1.2 | 77.00 | 146.11 | 223.11 | OK | |
| r-devel-linux-x86_64-fedora-gcc | 1.2 | 34.00 | 160.87 | 194.87 | OK | |
| r-devel-windows-x86_64 | 1.2 | 22.00 | 113.00 | 135.00 | OK | |
| r-patched-linux-x86_64 | 1.2 | 14.52 | 115.51 | 130.03 | OK | |
| r-release-linux-x86_64 | 1.2 | 14.28 | 116.20 | 130.48 | OK | |
| r-release-macos-arm64 | 1.2 | 7.00 | 44.00 | 51.00 | OK | |
| r-release-macos-x86_64 | 1.2 | 13.00 | 82.00 | 95.00 | OK | |
| r-release-windows-x86_64 | 1.2 | 22.00 | 113.00 | 135.00 | OK | |
| r-oldrel-macos-arm64 | 1.2 | 7.00 | 43.00 | 50.00 | NOTE | |
| r-oldrel-macos-x86_64 | 1.2 | 10.00 | 64.00 | 74.00 | NOTE | |
| r-oldrel-windows-x86_64 | 1.2 | 29.00 | 144.00 | 173.00 | NOTE |
Version: 1.2
Check: CRAN incoming feasibility
Result: NOTE
Maintainer: ‘Thomas Clarke <tclarke@jcvi.org>’
Package CITATION file contains call(s) to old-style personList() or
as.personList(). Please use c() on person objects instead.
Package CITATION file contains call(s) to old-style citEntry(). Please
use bibentry() instead.
Flavors: r-devel-linux-x86_64-debian-clang, r-devel-linux-x86_64-debian-gcc
Version: 1.2
Check: installed package size
Result: NOTE
installed size is 9.4Mb
sub-directories of 1Mb or more:
extdata 9.1Mb
Flavors: r-oldrel-macos-arm64, r-oldrel-macos-x86_64, r-oldrel-windows-x86_64
These binaries (installable software) and packages are in development.
They may not be fully stable and should be used with caution. We make no claims about them.