Last updated on 2025-05-08 04:52:06 CEST.
Flavor | Version | Tinstall | Tcheck | Ttotal | Status | Flags |
---|---|---|---|---|---|---|
r-devel-linux-x86_64-debian-clang | 2.0.2 | 431.25 | 394.79 | 826.04 | OK | |
r-devel-linux-x86_64-debian-gcc | 2.0.2 | 371.47 | 317.52 | 688.99 | OK | |
r-devel-linux-x86_64-fedora-clang | 2.0.2 | 1857.12 | OK | |||
r-devel-linux-x86_64-fedora-gcc | 2.0.2 | 1823.22 | OK | |||
r-devel-windows-x86_64 | 2.0.2 | 403.00 | 458.00 | 861.00 | OK | |
r-patched-linux-x86_64 | 2.0.2 | 464.62 | 376.87 | 841.49 | OK | |
r-release-linux-x86_64 | 2.0.2 | 466.02 | 395.72 | 861.74 | OK | |
r-release-macos-arm64 | 2.0.2 | 327.00 | OK | |||
r-release-macos-x86_64 | 2.0.2 | 927.00 | OK | |||
r-release-windows-x86_64 | 2.0.2 | 422.00 | 550.00 | 972.00 | OK | |
r-oldrel-macos-arm64 | 2.0.2 | 418.00 | NOTE | |||
r-oldrel-macos-x86_64 | 2.0.2 | 919.00 | NOTE | |||
r-oldrel-windows-x86_64 | 2.0.2 | 483.00 | 534.00 | 1017.00 | NOTE |
Version: 2.0.2
Check: installed package size
Result: NOTE
installed size is 212.2Mb
sub-directories of 1Mb or more:
doc 1.9Mb
libs 209.0Mb
Flavors: r-oldrel-macos-arm64, r-oldrel-macos-x86_64, r-oldrel-windows-x86_64
These binaries (installable software) and packages are in development.
They may not be fully stable and should be used with caution. We make no claims about them.