Last updated on 2025-11-11 15:50:35 CET.
| Flavor | Version | Tinstall | Tcheck | Ttotal | Status | Flags |
|---|---|---|---|---|---|---|
| r-devel-linux-x86_64-debian-clang | 2.0.5 | 444.95 | 337.59 | 782.54 | OK | |
| r-devel-linux-x86_64-debian-gcc | 2.0.5 | 410.87 | 264.93 | 675.80 | OK | |
| r-devel-linux-x86_64-fedora-clang | 2.0.5 | 960.00 | 291.07 | 1251.07 | OK | |
| r-devel-linux-x86_64-fedora-gcc | 2.0.5 | 1260.00 | 265.79 | 1525.79 | OK | |
| r-devel-windows-x86_64 | 2.0.5 | 418.00 | 417.00 | 835.00 | OK | |
| r-patched-linux-x86_64 | 2.0.5 | 498.68 | 351.83 | 850.51 | OK | |
| r-release-linux-x86_64 | 2.0.5 | 523.33 | 349.95 | 873.28 | OK | |
| r-release-macos-arm64 | 2.0.5 | 208.00 | 154.00 | 362.00 | OK | |
| r-release-macos-x86_64 | 2.0.5 | 409.00 | 280.00 | 689.00 | OK | |
| r-release-windows-x86_64 | 2.0.5 | 410.00 | 384.00 | 794.00 | OK | |
| r-oldrel-macos-arm64 | 2.0.5 | 183.00 | 150.00 | 333.00 | NOTE | |
| r-oldrel-macos-x86_64 | 2.0.5 | 408.00 | 276.00 | 684.00 | NOTE | |
| r-oldrel-windows-x86_64 | 2.0.5 | 503.00 | 505.00 | 1008.00 | NOTE |
Version: 2.0.5
Check: installed package size
Result: NOTE
installed size is 211.9Mb
sub-directories of 1Mb or more:
doc 1.8Mb
libs 208.7Mb
Flavors: r-oldrel-macos-arm64, r-oldrel-macos-x86_64, r-oldrel-windows-x86_64
These binaries (installable software) and packages are in development.
They may not be fully stable and should be used with caution. We make no claims about them.