Last updated on 2025-11-13 15:51:12 CET.
| Flavor | Version | Tinstall | Tcheck | Ttotal | Status | Flags |
|---|---|---|---|---|---|---|
| r-devel-linux-x86_64-debian-clang | 0.4.0 | 22.44 | 86.26 | 108.70 | OK | |
| r-devel-linux-x86_64-debian-gcc | 0.4.0 | 14.29 | 67.42 | 81.71 | ERROR | |
| r-devel-linux-x86_64-fedora-clang | 0.4.0 | 113.00 | 68.74 | 181.74 | OK | |
| r-devel-linux-x86_64-fedora-gcc | 0.4.0 | 47.00 | 136.18 | 183.18 | OK | |
| r-devel-windows-x86_64 | 0.4.0 | 34.00 | 113.00 | 147.00 | OK | |
| r-patched-linux-x86_64 | 0.4.0 | 24.48 | 87.02 | 111.50 | OK | |
| r-release-linux-x86_64 | 0.4.0 | 26.74 | 87.67 | 114.41 | OK | |
| r-release-macos-arm64 | 0.4.0 | 11.00 | 58.00 | 69.00 | OK | |
| r-release-macos-x86_64 | 0.4.0 | 25.00 | 92.00 | 117.00 | OK | |
| r-release-windows-x86_64 | 0.4.0 | 34.00 | 120.00 | 154.00 | OK | |
| r-oldrel-macos-arm64 | 0.4.0 | 11.00 | 63.00 | 74.00 | OK | |
| r-oldrel-macos-x86_64 | 0.4.0 | 16.00 | 84.00 | 100.00 | OK | |
| r-oldrel-windows-x86_64 | 0.4.0 | 44.00 | 145.00 | 189.00 | OK |
Version: 0.4.0
Check: tests
Result: ERROR
Running ‘testthat.R’ [4s/4s]
Running the tests in ‘tests/testthat.R’ failed.
Complete output:
> library(testthat)
> library(goldilocks)
Loading required package: survival
>
> test_check("goldilocks")
[ FAIL 1 | WARN 0 | SKIP 1 | PASS 17 ]
══ Skipped tests (1) ═══════════════════════════════════════════════════════════
• On CRAN (1): 'test-survival_adapt.R:81:3'
══ Failed tests ════════════════════════════════════════════════════════════════
── Error ('test-survival_adapt.R:54:3'): survival_adapt-cox ────────────────────
Error in `if (prob_now > prob_ha) {
expected_success_test <- expected_success_test + 1
}`: missing value where TRUE/FALSE needed
Backtrace:
▆
1. └─goldilocks::survival_adapt(...) at test-survival_adapt.R:54:3
[ FAIL 1 | WARN 0 | SKIP 1 | PASS 17 ]
Error: Test failures
Execution halted
Flavor: r-devel-linux-x86_64-debian-gcc
These binaries (installable software) and packages are in development.
They may not be fully stable and should be used with caution. We make no claims about them.