Last updated on 2025-11-13 03:51:04 CET.
| Flavor | Version | Tinstall | Tcheck | Ttotal | Status | Flags |
|---|---|---|---|---|---|---|
| r-devel-linux-x86_64-debian-clang | 2.1-2 | 3.58 | 40.11 | 43.69 | NOTE | |
| r-devel-linux-x86_64-debian-gcc | 2.1-2 | 3.28 | 29.96 | 33.24 | NOTE | |
| r-devel-linux-x86_64-fedora-clang | 2.1-2 | 22.00 | 49.15 | 71.15 | OK | |
| r-devel-linux-x86_64-fedora-gcc | 2.1-2 | 10.00 | 68.52 | 78.52 | OK | |
| r-devel-windows-x86_64 | 2.1-2 | 7.00 | 64.00 | 71.00 | OK | |
| r-patched-linux-x86_64 | 2.1-2 | 5.27 | 38.30 | 43.57 | OK | |
| r-release-linux-x86_64 | 2.1-2 | 4.03 | 37.81 | 41.84 | OK | |
| r-release-macos-arm64 | 2.1-2 | 3.00 | 43.00 | 46.00 | OK | |
| r-release-macos-x86_64 | 2.1-2 | 4.00 | 49.00 | 53.00 | OK | |
| r-release-windows-x86_64 | 2.1-2 | 7.00 | 61.00 | 68.00 | OK | |
| r-oldrel-macos-arm64 | 2.1-2 | 2.00 | 27.00 | 29.00 | OK | |
| r-oldrel-macos-x86_64 | 2.1-2 | 3.00 | 40.00 | 43.00 | OK | |
| r-oldrel-windows-x86_64 | 2.1-2 | 8.00 | 69.00 | 77.00 | OK |
Version: 2.1-2
Check: CRAN incoming feasibility
Result: NOTE
Maintainer: ‘Hannah O. Ajoge <ohuajo@gmail.com>’
No Authors@R field in DESCRIPTION.
Please add one, modifying
Authors@R: person(given = c("Hannah", "O."),
family = "Ajoge",
role = c("aut", "cre"),
email = "ohuajo@gmail.com")
as necessary.
Flavors: r-devel-linux-x86_64-debian-clang, r-devel-linux-x86_64-debian-gcc
These binaries (installable software) and packages are in development.
They may not be fully stable and should be used with caution. We make no claims about them.