Last updated on 2025-10-23 23:49:31 CEST.
| Flavor | Version | Tinstall | Tcheck | Ttotal | Status | Flags |
|---|---|---|---|---|---|---|
| r-devel-linux-x86_64-debian-clang | 2.1-2 | 4.57 | 39.46 | 44.03 | NOTE | |
| r-devel-linux-x86_64-debian-gcc | 2.1-2 | 3.22 | 30.42 | 33.64 | NOTE | |
| r-devel-linux-x86_64-fedora-clang | 2.1-2 | 14.00 | 54.52 | 68.52 | OK | |
| r-devel-linux-x86_64-fedora-gcc | 2.1-2 | 11.00 | 66.76 | 77.76 | OK | |
| r-devel-windows-x86_64 | 2.1-2 | 6.00 | 62.00 | 68.00 | OK | |
| r-patched-linux-x86_64 | 2.1-2 | 4.31 | 38.14 | 42.45 | OK | |
| r-release-linux-x86_64 | 2.1-2 | 3.76 | 38.11 | 41.87 | OK | |
| r-release-macos-arm64 | 2.1-2 | 3.00 | 43.00 | 46.00 | OK | |
| r-release-macos-x86_64 | 2.1-2 | 4.00 | 49.00 | 53.00 | OK | |
| r-release-windows-x86_64 | 2.1-2 | 7.00 | 64.00 | 71.00 | OK | |
| r-oldrel-macos-arm64 | 2.1-2 | 2.00 | 27.00 | 29.00 | OK | |
| r-oldrel-macos-x86_64 | 2.1-2 | 3.00 | 40.00 | 43.00 | OK | |
| r-oldrel-windows-x86_64 | 2.1-2 | 10.00 | 74.00 | 84.00 | OK |
Version: 2.1-2
Check: CRAN incoming feasibility
Result: NOTE
Maintainer: ‘Hannah O. Ajoge <ohuajo@gmail.com>’
No Authors@R field in DESCRIPTION.
Please add one, modifying
Authors@R: person(given = c("Hannah", "O."),
family = "Ajoge",
role = c("aut", "cre"),
email = "ohuajo@gmail.com")
as necessary.
Flavors: r-devel-linux-x86_64-debian-clang, r-devel-linux-x86_64-debian-gcc
These binaries (installable software) and packages are in development.
They may not be fully stable and should be used with caution. We make no claims about them.