CRAN Package Check Results for Package grantham

Last updated on 2025-05-01 12:49:30 CEST.

Flavor Version Tinstall Tcheck Ttotal Status Flags
r-devel-linux-x86_64-debian-clang 0.1.2 3.72 37.96 41.68 NOTE
r-devel-linux-x86_64-debian-gcc 0.1.2 2.60 28.76 31.36 NOTE
r-devel-linux-x86_64-fedora-clang 0.1.2 62.25 NOTE
r-devel-linux-x86_64-fedora-gcc 0.1.2 60.63 NOTE
r-devel-windows-x86_64 0.1.2 5.00 56.00 61.00 NOTE
r-patched-linux-x86_64 0.1.2 4.01 34.38 38.39 NOTE
r-release-linux-x86_64 NOTE
r-release-macos-arm64 0.1.2 27.00 NOTE
r-release-macos-x86_64 0.1.2 37.00 NOTE
r-release-windows-x86_64 0.1.2 6.00 56.00 62.00 NOTE
r-oldrel-macos-arm64 0.1.2 22.00 OK
r-oldrel-macos-x86_64 0.1.2 52.00 OK
r-oldrel-windows-x86_64 0.1.2 6.00 63.00 69.00 OK

Check Details

Version: 0.1.2
Check: DESCRIPTION meta-information
Result: NOTE Missing dependency on R >= 4.1.0 because package code uses the pipe |> or function shorthand \(...) syntax added in R 4.1.0. File(s) using such syntax: ‘amino_acid_pairs.R’ Flavors: r-devel-linux-x86_64-debian-clang, r-devel-linux-x86_64-debian-gcc, r-devel-linux-x86_64-fedora-clang, r-devel-linux-x86_64-fedora-gcc, r-devel-windows-x86_64, r-patched-linux-x86_64, r-release-linux-x86_64, r-release-macos-arm64, r-release-macos-x86_64, r-release-windows-x86_64

These binaries (installable software) and packages are in development.
They may not be fully stable and should be used with caution. We make no claims about them.