Last updated on 2025-05-01 08:52:34 CEST.
Flavor | Version | Tinstall | Tcheck | Ttotal | Status | Flags |
---|---|---|---|---|---|---|
r-devel-linux-x86_64-debian-clang | 0.2.6 | 2.91 | 744.89 | 747.80 | NOTE | |
r-devel-linux-x86_64-debian-gcc | 0.2.6 | 2.49 | 433.63 | 436.12 | OK | |
r-devel-linux-x86_64-fedora-clang | 0.2.6 | 1208.40 | OK | |||
r-devel-linux-x86_64-fedora-gcc | 0.2.6 | 1181.88 | OK | |||
r-devel-windows-x86_64 | 0.2.6 | 6.00 | 601.00 | 607.00 | OK | |
r-patched-linux-x86_64 | 0.2.6 | 4.27 | 699.26 | 703.53 | OK | |
r-release-linux-x86_64 | OK | |||||
r-release-macos-arm64 | 0.2.6 | 238.00 | OK | |||
r-release-macos-x86_64 | 0.2.6 | 599.00 | OK | |||
r-release-windows-x86_64 | 0.2.6 | 7.00 | 615.00 | 622.00 | OK | |
r-oldrel-macos-arm64 | 0.2.6 | 285.00 | OK | |||
r-oldrel-macos-x86_64 | 0.2.6 | 537.00 | OK | |||
r-oldrel-windows-x86_64 | 0.2.6 | 5.00 | 884.00 | 889.00 | OK |
Version: 0.2.6
Check: examples
Result: NOTE
Examples with CPU (user + system) or elapsed time > 5s
user system elapsed
print.power_report 4.928 0.157 6.916
Flavor: r-devel-linux-x86_64-debian-clang
These binaries (installable software) and packages are in development.
They may not be fully stable and should be used with caution. We make no claims about them.