CRAN Package Check Results for Package gtWAS

Last updated on 2025-10-09 21:50:19 CEST.

Flavor Version Tinstall Tcheck Ttotal Status Flags
r-devel-linux-x86_64-debian-clang 1.1.0 2.22 23.30 25.52 NOTE
r-devel-linux-x86_64-debian-gcc 1.1.0 1.83 18.63 20.46 NOTE
r-devel-linux-x86_64-fedora-clang 1.1.0 37.88 OK
r-devel-linux-x86_64-fedora-gcc 1.1.0 34.40 OK
r-devel-windows-x86_64 1.1.0 3.00 39.00 42.00 OK
r-patched-linux-x86_64 1.1.0 2.30 22.09 24.39 OK
r-release-linux-x86_64 1.1.0 1.99 22.10 24.09 OK
r-release-macos-arm64 1.1.0 16.00 OK
r-release-macos-x86_64 1.1.0 26.00 OK
r-release-windows-x86_64 1.1.0 5.00 41.00 46.00 OK
r-oldrel-macos-arm64 1.1.0 15.00 OK
r-oldrel-macos-x86_64 1.1.0 21.00 OK
r-oldrel-windows-x86_64 1.1.0 3.00 38.00 41.00 OK

Check Details

Version: 1.1.0
Check: CRAN incoming feasibility
Result: NOTE Maintainer: ‘JunhuiLi<junhuili@cau.edu.cn>’ No Authors@R field in DESCRIPTION. Please add one, modifying Authors@R: c(person(given = "JunhuiLi", family = "WenxinLiu", role = "aut"), person(family = "JunhuiLi", role = "cre", email = "junhuili@cau.edu.cn")) as necessary. Flavors: r-devel-linux-x86_64-debian-clang, r-devel-linux-x86_64-debian-gcc

These binaries (installable software) and packages are in development.
They may not be fully stable and should be used with caution. We make no claims about them.