CRAN Package Check Results for Package gtWAS

Last updated on 2025-11-11 15:50:35 CET.

Flavor Version Tinstall Tcheck Ttotal Status Flags
r-devel-linux-x86_64-debian-clang 1.1.0 2.16 23.15 25.31 NOTE
r-devel-linux-x86_64-debian-gcc 1.1.0 1.74 18.03 19.77 NOTE
r-devel-linux-x86_64-fedora-clang 1.1.0 40.06 OK
r-devel-linux-x86_64-fedora-gcc 1.1.0 35.18 OK
r-devel-windows-x86_64 1.1.0 4.00 38.00 42.00 OK
r-patched-linux-x86_64 1.1.0 1.75 22.21 23.96 OK
r-release-linux-x86_64 1.1.0 2.17 21.87 24.04 OK
r-release-macos-arm64 1.1.0 1.00 15.00 16.00 OK
r-release-macos-x86_64 1.1.0 2.00 24.00 26.00 OK
r-release-windows-x86_64 1.1.0 4.00 37.00 41.00 OK
r-oldrel-macos-arm64 1.1.0 1.00 14.00 15.00 OK
r-oldrel-macos-x86_64 1.1.0 2.00 19.00 21.00 OK
r-oldrel-windows-x86_64 1.1.0 3.00 38.00 41.00 OK

Check Details

Version: 1.1.0
Check: CRAN incoming feasibility
Result: NOTE Maintainer: ‘JunhuiLi<junhuili@cau.edu.cn>’ No Authors@R field in DESCRIPTION. Please add one, modifying Authors@R: c(person(given = "JunhuiLi", family = "WenxinLiu", role = "aut"), person(family = "JunhuiLi", role = "cre", email = "junhuili@cau.edu.cn")) as necessary. Flavors: r-devel-linux-x86_64-debian-clang, r-devel-linux-x86_64-debian-gcc

These binaries (installable software) and packages are in development.
They may not be fully stable and should be used with caution. We make no claims about them.