CRAN Package Check Results for Package gwid

Last updated on 2025-11-12 19:51:51 CET.

Flavor Version Tinstall Tcheck Ttotal Status Flags
r-devel-linux-x86_64-debian-clang 0.3.0 13.13 106.43 119.56 NOTE
r-devel-linux-x86_64-debian-gcc 0.3.0 9.99 73.76 83.75 NOTE
r-devel-linux-x86_64-fedora-clang 0.3.0 69.00 128.73 197.73 NOTE
r-devel-linux-x86_64-fedora-gcc 0.3.0 31.00 136.24 167.24 NOTE
r-devel-windows-x86_64 0.3.0 15.00 111.00 126.00 NOTE
r-patched-linux-x86_64 0.3.0 13.85 98.93 112.78 NOTE
r-release-linux-x86_64 0.3.0 13.06 97.89 110.95 NOTE
r-release-macos-arm64 0.3.0 6.00 39.00 45.00 NOTE
r-release-macos-x86_64 0.3.0 11.00 76.00 87.00 NOTE
r-release-windows-x86_64 0.3.0 15.00 109.00 124.00 NOTE
r-oldrel-macos-arm64 0.3.0 6.00 39.00 45.00 OK
r-oldrel-macos-x86_64 0.3.0 18.00 96.00 114.00 OK
r-oldrel-windows-x86_64 0.3.0 21.00 136.00 157.00 OK

Check Details

Version: 0.3.0
Check: DESCRIPTION meta-information
Result: NOTE Missing dependency on R >= 4.1.0 because package code uses the pipe |> or function shorthand \(...) syntax added in R 4.1.0. File(s) using such syntax: ‘plot.R’ Flavors: r-devel-linux-x86_64-debian-clang, r-devel-linux-x86_64-debian-gcc, r-devel-linux-x86_64-fedora-clang, r-devel-linux-x86_64-fedora-gcc, r-devel-windows-x86_64, r-patched-linux-x86_64, r-release-linux-x86_64, r-release-macos-arm64, r-release-macos-x86_64, r-release-windows-x86_64

These binaries (installable software) and packages are in development.
They may not be fully stable and should be used with caution. We make no claims about them.