Last updated on 2025-02-16 08:50:49 CET.
Flavor | Version | Tinstall | Tcheck | Ttotal | Status | Flags |
---|---|---|---|---|---|---|
r-devel-linux-x86_64-debian-clang | 0.1.1 | 15.94 | 104.71 | 120.65 | OK | |
r-devel-linux-x86_64-debian-gcc | 0.1.1 | 11.98 | 73.77 | 85.75 | OK | |
r-devel-linux-x86_64-fedora-clang | 0.1.1 | 206.17 | OK | |||
r-devel-linux-x86_64-fedora-gcc | 0.1.1 | 198.92 | OK | |||
r-devel-macos-arm64 | 0.1.1 | 59.00 | OK | |||
r-devel-macos-x86_64 | 0.1.1 | 124.00 | OK | |||
r-devel-windows-x86_64 | 0.1.1 | 17.00 | 112.00 | 129.00 | OK | |
r-patched-linux-x86_64 | 0.1.1 | 13.76 | 97.47 | 111.23 | NOTE | |
r-release-linux-x86_64 | 0.1.1 | 15.03 | 95.50 | 110.53 | NOTE | |
r-release-macos-arm64 | 0.1.1 | 66.00 | NOTE | |||
r-release-macos-x86_64 | 0.1.1 | 178.00 | NOTE | |||
r-release-windows-x86_64 | 0.1.1 | 18.00 | 113.00 | 131.00 | NOTE | |
r-oldrel-macos-arm64 | 0.1.1 | 77.00 | NOTE | |||
r-oldrel-macos-x86_64 | 0.1.1 | 160.00 | NOTE | |||
r-oldrel-windows-x86_64 | 0.1.1 | 22.00 | 132.00 | 154.00 | NOTE |
Version: 0.1.1
Check: package dependencies
Result: NOTE
Package suggested but not available for checking: ‘cmdstanr’
Flavors: r-patched-linux-x86_64, r-release-linux-x86_64, r-release-macos-arm64, r-release-macos-x86_64, r-release-windows-x86_64, r-oldrel-macos-arm64, r-oldrel-macos-x86_64, r-oldrel-windows-x86_64
These binaries (installable software) and packages are in development.
They may not be fully stable and should be used with caution. We make no claims about them.