Last updated on 2024-07-27 15:50:20 CEST.
Flavor | Version | Tinstall | Tcheck | Ttotal | Status | Flags |
---|---|---|---|---|---|---|
r-devel-linux-x86_64-debian-clang | 1.1.6 | 61.86 | 172.16 | 234.02 | NOTE | --no-vignettes |
r-devel-linux-x86_64-debian-gcc | 1.1.6 | NOTE | --no-vignettes | |||
r-devel-linux-x86_64-fedora-clang | 1.1.6 | 368.54 | NOTE | --no-vignettes | ||
r-devel-linux-x86_64-fedora-gcc | 1.1.6 | 319.19 | NOTE | --no-vignettes | ||
r-devel-windows-x86_64 | 1.1.6 | 54.00 | 155.00 | 209.00 | NOTE | --no-vignettes |
r-patched-linux-x86_64 | 1.1.6 | NOTE | --no-vignettes | |||
r-release-linux-x86_64 | 1.1.6 | 59.17 | 158.58 | 217.75 | NOTE | --no-vignettes |
r-release-macos-arm64 | 1.1.6 | 1245.00 | NOTE | |||
r-release-macos-x86_64 | 1.1.6 | 1803.00 | ERROR | |||
r-release-windows-x86_64 | 1.1.6 | 71.00 | 209.00 | 280.00 | NOTE | --no-vignettes |
r-oldrel-macos-arm64 | 1.1.6 | 1385.00 | OK | |||
r-oldrel-macos-x86_64 | 1.1.6 | 1804.00 | ERROR | |||
r-oldrel-windows-x86_64 | 1.1.6 | 51.00 | 182.00 | 233.00 | OK | --no-vignettes |
Version: 1.1.6
Flags: --no-vignettes
Check: Rd files
Result: NOTE
checkRd: (-1) mleHetGP.Rd:57: Lost braces; missing escapes or markup?
57 | Level \code{2} gives more details. Level {3} additionaly displays all details about initialization of hyperparameters.
| ^
checkRd: (-1) mleHetTP.Rd:61: Lost braces; missing escapes or markup?
61 | Level \code{2} gives more details. Level {3} additionaly displays all details about initialization of hyperparameters.
| ^
checkRd: (-1) mleHomTP.Rd:76: Lost braces; missing escapes or markup?
76 | \item \code{nit_opt}, \code{msg}: \code{counts} and {msg} returned by \code{\link[stats]{optim}}
| ^
Flavors: r-devel-linux-x86_64-debian-clang, r-devel-linux-x86_64-debian-gcc, r-devel-linux-x86_64-fedora-clang, r-devel-linux-x86_64-fedora-gcc, r-devel-windows-x86_64, r-patched-linux-x86_64, r-release-linux-x86_64, r-release-windows-x86_64
Version: 1.1.6
Check: Rd files
Result: NOTE
checkRd: (-1) mleHetGP.Rd:57: Lost braces; missing escapes or markup?
57 | Level \code{2} gives more details. Level {3} additionaly displays all details about initialization of hyperparameters.
| ^
checkRd: (-1) mleHetTP.Rd:61: Lost braces; missing escapes or markup?
61 | Level \code{2} gives more details. Level {3} additionaly displays all details about initialization of hyperparameters.
| ^
checkRd: (-1) mleHomTP.Rd:76: Lost braces; missing escapes or markup?
76 | \item \code{nit_opt}, \code{msg}: \code{counts} and {msg} returned by \code{\link[stats]{optim}}
| ^
Flavors: r-release-macos-arm64, r-release-macos-x86_64
Version: 1.1.6
Check: re-building of vignette outputs
Result: ERROR
Error(s) in re-building vignettes:
...
--- re-building ‘hetGP_vignette.Rnw’ using knitr
Quitting from lines 2154-2174 [Contour_ahead] (hetGP_vignette.Rnw)
Execution halted
* checking PDF version of manual ...* using check arguments '--no-clean-on-error '
Flavor: r-release-macos-x86_64
Version: 1.1.6
Check: running R code from vignettes
Result: ERROR
Errors in running code in vignettes:
when running code in ‘hetGP_vignette.Rnw’
...
> Y <- apply(X, 1, sirEval)
> fit <- mleHetGP(X, Y, covtype = "Matern5_2", lower = rep(0.05,
+ 2), upper = rep(10, 2), settings = list(linkThetas = "none"),
+ maxit = 1 .... [TRUNCATED]
Execution halted
... incomplete output. Crash?
‘hetGP_vignette.Rnw’ using ‘UTF-8’... failed to complete the test
* checking re-building of vignette outputs ...* using check arguments '--no-clean-on-error '
Flavor: r-oldrel-macos-x86_64
These binaries (installable software) and packages are in development.
They may not be fully stable and should be used with caution. We make no claims about them.