Last updated on 2025-02-23 01:51:42 CET.
Flavor | Version | Tinstall | Tcheck | Ttotal | Status | Flags |
---|---|---|---|---|---|---|
r-devel-linux-x86_64-debian-clang | 0.10 | 28.84 | 223.12 | 251.96 | OK | |
r-devel-linux-x86_64-debian-gcc | 0.10 | 21.01 | 169.87 | 190.88 | OK | |
r-devel-linux-x86_64-fedora-clang | 0.10 | 438.30 | NOTE | |||
r-devel-linux-x86_64-fedora-gcc | 0.10 | 435.04 | NOTE | |||
r-devel-macos-arm64 | 0.10 | 115.00 | OK | |||
r-devel-macos-x86_64 | 0.10 | 266.00 | OK | |||
r-devel-windows-x86_64 | 0.10 | 27.00 | 217.00 | 244.00 | OK | |
r-patched-linux-x86_64 | 0.10 | 25.38 | 218.32 | 243.70 | OK | |
r-release-linux-x86_64 | 0.10 | 24.85 | 227.15 | 252.00 | OK | |
r-release-macos-arm64 | 0.10 | 130.00 | OK | |||
r-release-macos-x86_64 | 0.10 | 195.00 | OK | |||
r-release-windows-x86_64 | 0.10 | 28.00 | 211.00 | 239.00 | OK | |
r-oldrel-macos-arm64 | 0.10 | 11.00 | ERROR | |||
r-oldrel-macos-x86_64 | 0.10 | 221.00 | OK | |||
r-oldrel-windows-x86_64 | 0.10 | 35.00 | 274.00 | 309.00 | OK |
Version: 0.10
Check: dependencies in R code
Result: NOTE
Namespaces in Imports field not imported from:
‘knitr’ ‘rmarkdown’
All declared Imports should be used.
Flavors: r-devel-linux-x86_64-fedora-clang, r-devel-linux-x86_64-fedora-gcc
Version: 0.10
Check: whether package can be installed
Result: ERROR
Installation failed.
Flavor: r-oldrel-macos-arm64
These binaries (installable software) and packages are in development.
They may not be fully stable and should be used with caution. We make no claims about them.