Last updated on 2025-11-12 19:51:51 CET.
| Flavor | Version | Tinstall | Tcheck | Ttotal | Status | Flags |
|---|---|---|---|---|---|---|
| r-devel-linux-x86_64-debian-clang | 2.0.4 | 46.20 | 51.67 | 97.87 | OK | |
| r-devel-linux-x86_64-debian-gcc | 2.0.4 | 26.96 | 38.42 | 65.38 | OK | |
| r-devel-linux-x86_64-fedora-clang | 2.0.4 | 137.00 | 50.91 | 187.91 | NOTE | |
| r-devel-linux-x86_64-fedora-gcc | 2.0.4 | 109.00 | 52.25 | 161.25 | NOTE | |
| r-devel-windows-x86_64 | 2.0.4 | 60.00 | 95.00 | 155.00 | OK | |
| r-patched-linux-x86_64 | 2.0.4 | 44.08 | 48.08 | 92.16 | OK | |
| r-release-linux-x86_64 | 2.0.4 | 44.73 | 47.98 | 92.71 | OK | |
| r-release-macos-arm64 | 2.0.4 | 19.00 | 76.00 | 95.00 | OK | |
| r-release-macos-x86_64 | 2.0.4 | 29.00 | 118.00 | 147.00 | OK | |
| r-release-windows-x86_64 | 2.0.4 | 61.00 | 95.00 | 156.00 | OK | |
| r-oldrel-macos-arm64 | 2.0.4 | 16.00 | 64.00 | 80.00 | OK | |
| r-oldrel-macos-x86_64 | 2.0.4 | 33.00 | 148.00 | 181.00 | OK | |
| r-oldrel-windows-x86_64 | 2.0.4 | 72.00 | 113.00 | 185.00 | OK |
Version: 2.0.4
Check: compiled code
Result: NOTE
File ‘hsphase/libs/hsphase.so’:
Found no calls to: ‘R_registerRoutines’, ‘R_useDynamicSymbols’
It is good practice to register native routines and to disable symbol
search.
See ‘Writing portable packages’ in the ‘Writing R Extensions’ manual.
Flavors: r-devel-linux-x86_64-fedora-clang, r-devel-linux-x86_64-fedora-gcc
These binaries (installable software) and packages are in development.
They may not be fully stable and should be used with caution. We make no claims about them.