Last updated on 2025-02-16 08:50:49 CET.
Flavor | Version | Tinstall | Tcheck | Ttotal | Status | Flags |
---|---|---|---|---|---|---|
r-devel-linux-x86_64-debian-clang | 0.1.0 | 3.35 | 70.45 | 73.80 | OK | |
r-devel-linux-x86_64-debian-gcc | 0.1.0 | 3.47 | 50.60 | 54.07 | OK | |
r-devel-linux-x86_64-fedora-clang | 0.1.0 | 127.15 | OK | |||
r-devel-linux-x86_64-fedora-gcc | 0.1.0 | 131.69 | OK | |||
r-devel-macos-arm64 | 0.1.0 | 67.00 | OK | |||
r-devel-macos-x86_64 | 0.1.0 | 148.00 | OK | |||
r-devel-windows-x86_64 | 0.1.0 | 7.00 | 111.00 | 118.00 | ERROR | |
r-patched-linux-x86_64 | 0.1.0 | 5.31 | 67.26 | 72.57 | OK | |
r-release-linux-x86_64 | 0.1.0 | 5.10 | 67.18 | 72.28 | OK | |
r-release-macos-arm64 | 0.1.0 | 68.00 | OK | |||
r-release-macos-x86_64 | 0.1.0 | 133.00 | OK | |||
r-release-windows-x86_64 | 0.1.0 | 8.00 | 121.00 | 129.00 | OK | |
r-oldrel-macos-arm64 | 0.1.0 | 101.00 | OK | |||
r-oldrel-macos-x86_64 | 0.1.0 | 236.00 | OK | |||
r-oldrel-windows-x86_64 | 0.1.0 | 8.00 | 144.00 | 152.00 | ERROR |
Version: 0.1.0
Check: re-building of vignette outputs
Result: ERROR
Error(s) in re-building vignettes:
--- re-building 'htrSPRanalysis-vignette.Rmd' using knitr
trying URL 'https://gitlab.oit.duke.edu/janice/htrspranalysis/-/raw/master/inst/extdata/titration_data.xlsx?ref_type=heads'
Content type 'application/octet-stream' length 4816423 bytes (4.6 MB)
======================
downloaded 2.0 MB
Quitting from lines 93-121 [unnamed-chunk-3] (htrSPRanalysis-vignette.Rmd)
Error: processing vignette 'htrSPRanalysis-vignette.Rmd' failed with diagnostics:
download from 'https://gitlab.oit.duke.edu/janice/htrspranalysis/-/raw/master/inst/extdata/titration_data.xlsx?ref_type=heads' failed
--- failed re-building 'htrSPRanalysis-vignette.Rmd'
SUMMARY: processing the following file failed:
'htrSPRanalysis-vignette.Rmd'
Error: Vignette re-building failed.
Execution halted
Flavor: r-devel-windows-x86_64
Version: 0.1.0
Check: re-building of vignette outputs
Result: ERROR
Error(s) in re-building vignettes:
--- re-building 'htrSPRanalysis-vignette.Rmd' using knitr
trying URL 'https://gitlab.oit.duke.edu/janice/htrspranalysis/-/raw/master/inst/extdata/titration_data.xlsx?ref_type=heads'
Content type 'application/octet-stream' length 4816423 bytes (4.6 MB)
======================
downloaded 2.1 MB
Quitting from lines 93-121 [unnamed-chunk-3] (htrSPRanalysis-vignette.Rmd)
Error: processing vignette 'htrSPRanalysis-vignette.Rmd' failed with diagnostics:
download from 'https://gitlab.oit.duke.edu/janice/htrspranalysis/-/raw/master/inst/extdata/titration_data.xlsx?ref_type=heads' failed
--- failed re-building 'htrSPRanalysis-vignette.Rmd'
SUMMARY: processing the following file failed:
'htrSPRanalysis-vignette.Rmd'
Error: Vignette re-building failed.
Execution halted
Flavor: r-oldrel-windows-x86_64
These binaries (installable software) and packages are in development.
They may not be fully stable and should be used with caution. We make no claims about them.