Last updated on 2025-02-19 16:50:51 CET.
Flavor | Version | Tinstall | Tcheck | Ttotal | Status | Flags |
---|---|---|---|---|---|---|
r-devel-linux-x86_64-debian-clang | 1.0.2 | 2.01 | 87.41 | 89.42 | OK | |
r-devel-linux-x86_64-debian-gcc | 1.0.2 | 1.69 | 47.44 | 49.13 | ERROR | |
r-devel-linux-x86_64-fedora-clang | 1.0.2 | 139.50 | OK | |||
r-devel-linux-x86_64-fedora-gcc | 1.0.2 | 163.67 | OK | |||
r-devel-macos-arm64 | 1.0.2 | 53.00 | OK | |||
r-devel-macos-x86_64 | 1.0.2 | 110.00 | OK | |||
r-devel-windows-x86_64 | 1.0.2 | 3.00 | 102.00 | 105.00 | OK | |
r-patched-linux-x86_64 | 1.0.2 | 2.09 | 83.81 | 85.90 | NOTE | |
r-release-linux-x86_64 | 1.0.2 | 2.01 | 83.03 | 85.04 | NOTE | |
r-release-macos-arm64 | 1.0.2 | 54.00 | NOTE | |||
r-release-macos-x86_64 | 1.0.2 | 104.00 | NOTE | |||
r-release-windows-x86_64 | 1.0.2 | 3.00 | 104.00 | 107.00 | NOTE | |
r-oldrel-macos-arm64 | 1.0.2 | 60.00 | NOTE | |||
r-oldrel-macos-x86_64 | 1.0.2 | 95.00 | NOTE | |||
r-oldrel-windows-x86_64 | 1.0.2 | 3.00 | 121.00 | 124.00 | NOTE |
Version: 1.0.2
Check: re-building of vignette outputs
Result: ERROR
Error(s) in re-building vignettes:
...
--- re-building ‘vignette.Rmd’ using rmarkdown
** Processing: /home/hornik/tmp/R.check/r-devel-gcc/Work/PKGS/iTOP.Rcheck/vign_test/iTOP/vignettes/vignette_files/figure-html/unnamed-chunk-3-1.png
288x288 pixels, 3x8 bits/pixel, RGB
Input IDAT size = 6912 bytes
Input file size = 6990 bytes
Trying:
zc = 9 zm = 8 zs = 0 f = 0 IDAT size = 6050
zc = 9 zm = 8 zs = 1 f = 0
zc = 1 zm = 8 zs = 2 f = 0
zc = 9 zm = 8 zs = 3 f = 0
zc = 9 zm = 8 zs = 0 f = 5
zc = 9 zm = 8 zs = 1 f = 5
zc = 1 zm = 8 zs = 2 f = 5
zc = 9 zm = 8 zs = 3 f = 5
Selecting parameters:
zc = 9 zm = 8 zs = 0 f = 0 IDAT size = 6050
Output IDAT size = 6050 bytes (862 bytes decrease)
Output file size = 6128 bytes (862 bytes = 12.33% decrease)
Failed with error: 'there is no package called 'Rgraphviz''
Quitting from lines 94-99 [unnamed-chunk-8] (vignette.Rmd)
Error: processing vignette 'vignette.Rmd' failed with diagnostics:
Package 'Rgraphviz' (from Bioconductor) must be installed for plotting graphs!
--- failed re-building ‘vignette.Rmd’
SUMMARY: processing the following file failed:
‘vignette.Rmd’
Error: Vignette re-building failed.
Execution halted
Flavor: r-devel-linux-x86_64-debian-gcc
Version: 1.0.2
Check: LazyData
Result: NOTE
'LazyData' is specified without a 'data' directory
Flavors: r-patched-linux-x86_64, r-release-linux-x86_64, r-release-macos-arm64, r-release-macos-x86_64, r-release-windows-x86_64, r-oldrel-macos-arm64, r-oldrel-macos-x86_64, r-oldrel-windows-x86_64
These binaries (installable software) and packages are in development.
They may not be fully stable and should be used with caution. We make no claims about them.