CRAN Package Check Results for Package influential

Last updated on 2025-05-08 04:52:08 CEST.

Flavor Version Tinstall Tcheck Ttotal Status Flags
r-devel-linux-x86_64-debian-clang 2.2.9 6.51 50.27 56.78 NOTE
r-devel-linux-x86_64-debian-gcc 2.2.9 4.29 37.26 41.55 NOTE
r-devel-linux-x86_64-fedora-clang 2.2.9 92.65 OK
r-devel-linux-x86_64-fedora-gcc 2.2.9 102.72 OK
r-devel-windows-x86_64 2.2.9 8.00 76.00 84.00 OK
r-patched-linux-x86_64 2.2.9 7.60 46.47 54.07 OK
r-release-linux-x86_64 2.2.9 6.68 47.03 53.71 OK
r-release-macos-arm64 2.2.9 33.00 OK
r-release-macos-x86_64 2.2.9 66.00 OK
r-release-windows-x86_64 2.2.9 7.00 71.00 78.00 OK
r-oldrel-macos-arm64 2.2.9 34.00 OK
r-oldrel-macos-x86_64 2.2.9 51.00 OK
r-oldrel-windows-x86_64 2.2.9 10.00 80.00 90.00 OK

Check Details

Version: 2.2.9
Check: CRAN incoming feasibility
Result: NOTE Maintainer: ‘Adrian Salavaty <abbas.salavaty@gmail.com>’ No Authors@R field in DESCRIPTION. Please add one, modifying Authors@R: c(person(given = "Abbas", family = "Salavaty", role = c("aut", "cre"), comment = "Adrian"), person(given = "Mirana", family = "Ramialison", role = "ths"), person(given = c("Peter", "D."), family = "Currie", role = "ths"), person(given = "Adrian", family = "Salavaty", role = "cre", email = "abbas.salavaty@gmail.com")) as necessary. Flavors: r-devel-linux-x86_64-debian-clang, r-devel-linux-x86_64-debian-gcc

These binaries (installable software) and packages are in development.
They may not be fully stable and should be used with caution. We make no claims about them.