Last updated on 2025-11-12 19:51:52 CET.
| Flavor | Version | Tinstall | Tcheck | Ttotal | Status | Flags |
|---|---|---|---|---|---|---|
| r-devel-linux-x86_64-debian-clang | 2.2.9 | 6.68 | 51.79 | 58.47 | NOTE | |
| r-devel-linux-x86_64-debian-gcc | 2.2.9 | 4.08 | 38.76 | 42.84 | NOTE | |
| r-devel-linux-x86_64-fedora-clang | 2.2.9 | 23.00 | 69.81 | 92.81 | OK | |
| r-devel-linux-x86_64-fedora-gcc | 2.2.9 | 15.00 | 81.87 | 96.87 | OK | |
| r-devel-windows-x86_64 | 2.2.9 | 8.00 | 70.00 | 78.00 | OK | |
| r-patched-linux-x86_64 | 2.2.9 | 7.40 | 48.12 | 55.52 | OK | |
| r-release-linux-x86_64 | 2.2.9 | 4.70 | 47.93 | 52.63 | OK | |
| r-release-macos-arm64 | 2.2.9 | 2.00 | 31.00 | 33.00 | OK | |
| r-release-macos-x86_64 | 2.2.9 | 6.00 | 60.00 | 66.00 | OK | |
| r-release-windows-x86_64 | 2.2.9 | 10.00 | 68.00 | 78.00 | OK | |
| r-oldrel-macos-arm64 | 2.2.9 | 3.00 | 31.00 | 34.00 | OK | |
| r-oldrel-macos-x86_64 | 2.2.9 | 4.00 | 47.00 | 51.00 | OK | |
| r-oldrel-windows-x86_64 | 2.2.9 | 11.00 | 85.00 | 96.00 | OK |
Version: 2.2.9
Check: CRAN incoming feasibility
Result: NOTE
Maintainer: ‘Adrian Salavaty <abbas.salavaty@gmail.com>’
No Authors@R field in DESCRIPTION.
Please add one, modifying
Authors@R: c(person(given = "Abbas",
family = "Salavaty",
role = c("aut", "cre"),
comment = "Adrian"),
person(given = "Mirana",
family = "Ramialison",
role = "ths"),
person(given = c("Peter", "D."),
family = "Currie",
role = "ths"),
person(given = "Adrian",
family = "Salavaty",
role = "cre",
email = "abbas.salavaty@gmail.com"))
as necessary.
Flavors: r-devel-linux-x86_64-debian-clang, r-devel-linux-x86_64-debian-gcc
These binaries (installable software) and packages are in development.
They may not be fully stable and should be used with caution. We make no claims about them.