Last updated on 2025-10-23 11:50:16 CEST.
Flavor | Version | Tinstall | Tcheck | Ttotal | Status | Flags |
---|---|---|---|---|---|---|
r-devel-linux-x86_64-debian-clang | 0.0.7 | 28.51 | 341.09 | 369.60 | NOTE | |
r-devel-linux-x86_64-debian-gcc | 0.0.7 | 17.99 | 215.40 | 233.39 | NOTE | |
r-devel-linux-x86_64-fedora-clang | 0.0.7 | 89.00 | 523.39 | 612.39 | NOTE | |
r-devel-linux-x86_64-fedora-gcc | 0.0.7 | 54.00 | 512.89 | 566.89 | NOTE | |
r-devel-windows-x86_64 | 0.0.7 | 32.00 | 239.00 | 271.00 | NOTE | |
r-patched-linux-x86_64 | 0.0.7 | 26.87 | 331.84 | 358.71 | NOTE | |
r-release-linux-x86_64 | 0.0.7 | 26.62 | 328.87 | 355.49 | NOTE | |
r-release-macos-arm64 | 0.0.7 | 12.00 | 129.00 | 141.00 | NOTE | |
r-release-macos-x86_64 | 0.0.7 | 20.00 | 249.00 | 269.00 | NOTE | |
r-release-windows-x86_64 | 0.0.7 | 34.00 | 240.00 | 274.00 | NOTE | |
r-oldrel-macos-arm64 | 0.0.7 | 13.00 | 100.00 | 113.00 | NOTE | |
r-oldrel-macos-x86_64 | 0.0.7 | 14.00 | 168.00 | 182.00 | NOTE | |
r-oldrel-windows-x86_64 | 0.0.7 | 40.00 | 330.00 | 370.00 | NOTE |
Version: 0.0.7
Check: Rd files
Result: NOTE
checkRd: (-1) check_convergence.Rd:47: Lost braces
47 | \code{conv_plot}: code{ipm} invisibly.
| ^
checkRd: (-1) init_ipm.Rd:50-51: Lost braces in \itemize; meant \describe ?
checkRd: (-1) init_ipm.Rd:52-53: Lost braces in \itemize; meant \describe ?
checkRd: (-1) init_ipm.Rd:57: Lost braces in \itemize; meant \describe ?
checkRd: (-1) init_ipm.Rd:58: Lost braces in \itemize; meant \describe ?
checkRd: (-1) init_ipm.Rd:62: Lost braces in \itemize; meant \describe ?
checkRd: (-1) init_ipm.Rd:63-65: Lost braces in \itemize; meant \describe ?
checkRd: (-1) init_ipm.Rd:70-74: Lost braces in \itemize; meant \describe ?
checkRd: (-1) init_ipm.Rd:75-78: Lost braces in \itemize; meant \describe ?
checkRd: (-1) make_ipm.Rd:276: Lost braces in \itemize; \value handles \item{}{} directly
checkRd: (-1) make_ipm.Rd:277-281: Lost braces in \itemize; \value handles \item{}{} directly
checkRd: (-1) make_ipm.Rd:282-286: Lost braces in \itemize; \value handles \item{}{} directly
checkRd: (-1) make_ipm.Rd:287-291: Lost braces in \itemize; \value handles \item{}{} directly
checkRd: (-1) make_ipm.Rd:292-293: Lost braces in \itemize; \value handles \item{}{} directly
Flavors: r-devel-linux-x86_64-debian-clang, r-devel-linux-x86_64-debian-gcc, r-devel-linux-x86_64-fedora-clang, r-devel-linux-x86_64-fedora-gcc, r-devel-windows-x86_64, r-patched-linux-x86_64, r-release-linux-x86_64, r-release-macos-arm64, r-release-macos-x86_64, r-release-windows-x86_64, r-oldrel-macos-arm64, r-oldrel-macos-x86_64, r-oldrel-windows-x86_64
These binaries (installable software) and packages are in development.
They may not be fully stable and should be used with caution. We make no claims about them.