Last updated on 2025-11-24 13:50:00 CET.
| Flavor | Version | Tinstall | Tcheck | Ttotal | Status | Flags |
|---|---|---|---|---|---|---|
| r-devel-linux-x86_64-debian-clang | 0.4.7 | 78.56 | 220.63 | 299.19 | OK | --no-tests |
| r-devel-linux-x86_64-debian-gcc | 0.4.7 | 52.80 | 163.59 | 216.39 | OK | --no-tests |
| r-devel-linux-x86_64-fedora-clang | 0.4.7 | 121.00 | 497.07 | 618.07 | OK | |
| r-devel-linux-x86_64-fedora-gcc | 0.4.7 | 145.00 | 485.37 | 630.37 | OK | |
| r-devel-windows-x86_64 | 0.4.7 | 99.00 | 316.00 | 415.00 | OK | |
| r-patched-linux-x86_64 | 0.4.7 | 81.39 | 259.04 | 340.43 | OK | --no-tests |
| r-release-linux-x86_64 | 0.4.7 | 78.11 | 263.12 | 341.23 | OK | --no-tests |
| r-release-macos-arm64 | 0.4.7 | OK | ||||
| r-release-macos-x86_64 | 0.4.7 | 32.00 | 351.00 | 383.00 | OK | |
| r-release-windows-x86_64 | 0.4.7 | 87.00 | 331.00 | 418.00 | OK | |
| r-oldrel-macos-arm64 | 0.4.7 | NOTE | ||||
| r-oldrel-macos-x86_64 | 0.4.7 | 35.00 | 396.00 | 431.00 | NOTE | |
| r-oldrel-windows-x86_64 | 0.4.7 | 107.00 | 561.00 | 668.00 | OK |
Version: 0.4.7
Check: installed package size
Result: NOTE
installed size is 6.3Mb
sub-directories of 1Mb or more:
data 1.3Mb
libs 3.9Mb
Flavors: r-oldrel-macos-arm64, r-oldrel-macos-x86_64
These binaries (installable software) and packages are in development.
They may not be fully stable and should be used with caution. We make no claims about them.