Last updated on 2025-10-09 21:50:20 CEST.
Flavor | Version | Tinstall | Tcheck | Ttotal | Status | Flags |
---|---|---|---|---|---|---|
r-devel-linux-x86_64-debian-clang | 0.4.7 | 78.14 | 226.86 | 305.00 | OK | --no-tests |
r-devel-linux-x86_64-debian-gcc | 0.4.7 | 48.65 | 162.86 | 211.51 | OK | --no-tests |
r-devel-linux-x86_64-fedora-clang | 0.4.7 | 664.77 | OK | |||
r-devel-linux-x86_64-fedora-gcc | 0.4.7 | 605.88 | OK | |||
r-devel-windows-x86_64 | 0.4.7 | 91.00 | 351.00 | 442.00 | OK | |
r-patched-linux-x86_64 | 0.4.7 | 77.44 | 265.48 | 342.92 | OK | --no-tests |
r-release-linux-x86_64 | 0.4.7 | 79.34 | 259.86 | 339.20 | OK | --no-tests |
r-release-macos-arm64 | 0.4.7 | 296.00 | OK | |||
r-release-macos-x86_64 | 0.4.7 | 383.00 | OK | |||
r-release-windows-x86_64 | 0.4.7 | 89.00 | 393.00 | 482.00 | OK | |
r-oldrel-macos-arm64 | 0.4.7 | 201.00 | NOTE | |||
r-oldrel-macos-x86_64 | 0.4.7 | 431.00 | NOTE | |||
r-oldrel-windows-x86_64 | 0.4.7 | 111.00 | 481.00 | 592.00 | OK |
Version: 0.4.7
Check: installed package size
Result: NOTE
installed size is 6.3Mb
sub-directories of 1Mb or more:
data 1.3Mb
libs 3.9Mb
Flavors: r-oldrel-macos-arm64, r-oldrel-macos-x86_64
These binaries (installable software) and packages are in development.
They may not be fully stable and should be used with caution. We make no claims about them.