CRAN Package Check Results for Package joineRML

Last updated on 2025-05-08 04:52:08 CEST.

Flavor Version Tinstall Tcheck Ttotal Status Flags
r-devel-linux-x86_64-debian-clang 0.4.7 77.17 202.58 279.75 OK --no-tests
r-devel-linux-x86_64-debian-gcc 0.4.7 53.31 154.10 207.41 OK --no-tests
r-devel-linux-x86_64-fedora-clang 0.4.7 616.00 OK
r-devel-linux-x86_64-fedora-gcc 0.4.7 649.68 OK
r-devel-windows-x86_64 0.4.7 87.00 353.00 440.00 OK
r-patched-linux-x86_64 0.4.7 78.21 243.24 321.45 OK --no-tests
r-release-linux-x86_64 0.4.7 77.31 245.09 322.40 OK --no-tests
r-release-macos-arm64 0.4.7 296.00 OK
r-release-macos-x86_64 0.4.7 383.00 OK
r-release-windows-x86_64 0.4.7 87.00 346.00 433.00 OK
r-oldrel-macos-arm64 0.4.7 201.00 NOTE
r-oldrel-macos-x86_64 0.4.7 431.00 NOTE
r-oldrel-windows-x86_64 0.4.7 105.00 539.00 644.00 OK

Check Details

Version: 0.4.7
Check: installed package size
Result: NOTE installed size is 6.3Mb sub-directories of 1Mb or more: data 1.3Mb libs 3.9Mb Flavors: r-oldrel-macos-arm64, r-oldrel-macos-x86_64

These binaries (installable software) and packages are in development.
They may not be fully stable and should be used with caution. We make no claims about them.