CRAN Package Check Results for Package kmer

Last updated on 2025-05-01 08:52:36 CEST.

Flavor Version Tinstall Tcheck Ttotal Status Flags
r-devel-linux-x86_64-debian-clang 1.1.2 16.21 47.28 63.49 NOTE
r-devel-linux-x86_64-debian-gcc 1.1.2 9.25 34.93 44.18 NOTE
r-devel-linux-x86_64-fedora-clang 1.1.2 96.71 NOTE
r-devel-linux-x86_64-fedora-gcc 1.1.2 106.73 NOTE
r-devel-windows-x86_64 1.1.2 17.00 85.00 102.00 NOTE
r-patched-linux-x86_64 1.1.2 13.09 43.51 56.60 NOTE
r-release-linux-x86_64 NOTE
r-release-macos-arm64 1.1.2 53.00 NOTE
r-release-macos-x86_64 1.1.2 71.00 NOTE
r-release-windows-x86_64 1.1.2 18.00 87.00 105.00 NOTE
r-oldrel-macos-arm64 1.1.2 33.00 NOTE
r-oldrel-macos-x86_64 1.1.2 51.00 NOTE
r-oldrel-windows-x86_64 1.1.2 19.00 95.00 114.00 NOTE

Check Details

Version: 1.1.2
Check: CRAN incoming feasibility
Result: NOTE Maintainer: ‘Shaun Wilkinson <shaunpwilkinson@gmail.com>’ Package CITATION file contains call(s) to old-style personList() or as.personList(). Please use c() on person objects instead. Package CITATION file contains call(s) to old-style citEntry(). Please use bibentry() instead. Flavors: r-devel-linux-x86_64-debian-clang, r-devel-linux-x86_64-debian-gcc

Version: 1.1.2
Check: C++ specification
Result: NOTE Specified C++11: please drop specification unless essential Flavors: r-devel-linux-x86_64-debian-clang, r-devel-linux-x86_64-debian-gcc, r-devel-linux-x86_64-fedora-clang, r-devel-linux-x86_64-fedora-gcc, r-devel-windows-x86_64, r-patched-linux-x86_64, r-release-linux-x86_64, r-release-macos-arm64, r-release-macos-x86_64, r-release-windows-x86_64, r-oldrel-macos-arm64, r-oldrel-macos-x86_64, r-oldrel-windows-x86_64

Version: 1.1.2
Check: LazyData
Result: NOTE 'LazyData' is specified without a 'data' directory Flavors: r-oldrel-macos-arm64, r-oldrel-macos-x86_64, r-oldrel-windows-x86_64

These binaries (installable software) and packages are in development.
They may not be fully stable and should be used with caution. We make no claims about them.