Last updated on 2025-10-23 15:49:59 CEST.
Flavor | Version | Tinstall | Tcheck | Ttotal | Status | Flags |
---|---|---|---|---|---|---|
r-devel-linux-x86_64-debian-clang | 0.1.35 | 205.29 | 37.77 | 243.06 | OK | |
r-devel-linux-x86_64-debian-gcc | 0.1.35 | 154.37 | 30.66 | 185.03 | OK | |
r-devel-linux-x86_64-fedora-clang | 0.1.35 | 1140.00 | -637.48 | 502.52 | OK | |
r-devel-linux-x86_64-fedora-gcc | 0.1.35 | 465.00 | -19.89 | 445.11 | OK | |
r-devel-windows-x86_64 | 0.1.35 | 435.00 | 96.00 | 531.00 | OK | |
r-patched-linux-x86_64 | 0.1.35 | 200.96 | 36.77 | 237.73 | OK | |
r-release-linux-x86_64 | 0.1.35 | 202.87 | 36.44 | 239.31 | OK | |
r-release-macos-arm64 | 0.1.35 | 95.00 | 29.00 | 124.00 | OK | |
r-release-macos-x86_64 | 0.1.35 | 94.00 | 69.00 | 163.00 | OK | |
r-release-windows-x86_64 | 0.1.35 | 465.00 | 95.00 | 560.00 | OK | |
r-oldrel-macos-arm64 | 0.1.35 | 96.00 | 33.00 | 129.00 | NOTE | |
r-oldrel-macos-x86_64 | 0.1.35 | 90.00 | 73.00 | 163.00 | NOTE | |
r-oldrel-windows-x86_64 | 0.1.35 | 503.00 | 115.00 | 618.00 | NOTE |
Version: 0.1.35
Check: installed package size
Result: NOTE
installed size is 16.1Mb
sub-directories of 1Mb or more:
libs 15.7Mb
Flavors: r-oldrel-macos-arm64, r-oldrel-macos-x86_64, r-oldrel-windows-x86_64
These binaries (installable software) and packages are in development.
They may not be fully stable and should be used with caution. We make no claims about them.