Last updated on 2024-07-27 15:50:22 CEST.
Flavor | Version | Tinstall | Tcheck | Ttotal | Status | Flags |
---|---|---|---|---|---|---|
r-devel-linux-x86_64-debian-clang | 0.2.3 | 2.03 | 49.96 | 51.99 | ERROR | |
r-devel-linux-x86_64-debian-gcc | 0.2.3 | OK | ||||
r-devel-linux-x86_64-fedora-clang | 0.2.3 | 99.13 | OK | |||
r-devel-linux-x86_64-fedora-gcc | 0.2.3 | 106.00 | OK | |||
r-devel-windows-x86_64 | 0.2.3 | 3.00 | 79.00 | 82.00 | OK | |
r-patched-linux-x86_64 | 0.2.3 | OK | ||||
r-release-linux-x86_64 | 0.2.3 | 2.06 | 71.38 | 73.44 | OK | |
r-release-macos-arm64 | 0.2.3 | 39.00 | OK | |||
r-release-macos-x86_64 | 0.2.3 | 56.00 | OK | |||
r-release-windows-x86_64 | 0.2.3 | 4.00 | 78.00 | 82.00 | OK | |
r-oldrel-macos-arm64 | 0.2.3 | 50.00 | OK | |||
r-oldrel-macos-x86_64 | 0.2.3 | 78.00 | OK | |||
r-oldrel-windows-x86_64 | 0.2.3 | 4.00 | 85.00 | 89.00 | OK |
Version: 0.2.3
Check: re-building of vignette outputs
Result: ERROR
Error(s) in re-building vignettes:
...
--- re-building ‘lfc_vignette.Rmd’ using rmarkdown
Quitting from lines 35-47 [unnamed-chunk-1] (lfc_vignette.Rmd)
Error: processing vignette 'lfc_vignette.Rmd' failed with diagnostics:
cannot open the connection to 'https://www.ncbi.nlm.nih.gov/geo/download/?acc=GSE160764&format=file&file=GSE160764%5FRNA%5FMEF%5FOla%5FIFNb%5FCounttable%5FRaw%2Etxt%2Egz'
--- failed re-building ‘lfc_vignette.Rmd’
SUMMARY: processing the following file failed:
‘lfc_vignette.Rmd’
Error: Vignette re-building failed.
Execution halted
Flavor: r-devel-linux-x86_64-debian-clang
These binaries (installable software) and packages are in development.
They may not be fully stable and should be used with caution. We make no claims about them.