Last updated on 2025-02-16 08:50:51 CET.
Flavor | Version | Tinstall | Tcheck | Ttotal | Status | Flags |
---|---|---|---|---|---|---|
r-devel-linux-x86_64-debian-clang | 1.0.0 | 91.65 | 31.30 | 122.95 | NOTE | |
r-devel-linux-x86_64-debian-gcc | 1.0.0 | 63.63 | 25.23 | 88.86 | NOTE | |
r-devel-linux-x86_64-fedora-clang | 1.0.0 | 256.84 | NOTE | |||
r-devel-linux-x86_64-fedora-gcc | 1.0.0 | 264.50 | NOTE | |||
r-devel-macos-arm64 | 1.0.0 | 56.00 | NOTE | |||
r-devel-macos-x86_64 | 1.0.0 | 73.00 | NOTE | |||
r-devel-windows-x86_64 | 1.0.0 | 99.00 | 70.00 | 169.00 | NOTE | |
r-patched-linux-x86_64 | 1.0.0 | 87.66 | 30.09 | 117.75 | NOTE | |
r-release-linux-x86_64 | 1.0.0 | 89.46 | 29.83 | 119.29 | NOTE | |
r-release-macos-arm64 | 1.0.0 | 63.00 | NOTE | |||
r-release-macos-x86_64 | 1.0.0 | 83.00 | NOTE | |||
r-release-windows-x86_64 | 1.0.0 | 101.00 | 69.00 | 170.00 | NOTE | |
r-oldrel-macos-arm64 | 1.0.0 | 61.00 | OK | |||
r-oldrel-macos-x86_64 | 1.0.0 | 71.00 | OK | |||
r-oldrel-windows-x86_64 | 1.0.0 | 122.00 | 89.00 | 211.00 | OK |
Version: 1.0.0
Check: Rd files
Result: NOTE
checkRd: (-1) lit.Rd:21: Lost braces in \itemize; \value handles \item{}{} directly
checkRd: (-1) lit.Rd:22: Lost braces in \itemize; \value handles \item{}{} directly
checkRd: (-1) lit.Rd:23: Lost braces in \itemize; \value handles \item{}{} directly
checkRd: (-1) lit_plink.Rd:23: Lost braces in \itemize; \value handles \item{}{} directly
checkRd: (-1) lit_plink.Rd:24: Lost braces in \itemize; \value handles \item{}{} directly
checkRd: (-1) lit_plink.Rd:25: Lost braces in \itemize; \value handles \item{}{} directly
Flavors: r-devel-linux-x86_64-debian-clang, r-devel-linux-x86_64-debian-gcc, r-devel-linux-x86_64-fedora-clang, r-devel-linux-x86_64-fedora-gcc, r-devel-macos-arm64, r-devel-macos-x86_64, r-devel-windows-x86_64, r-patched-linux-x86_64, r-release-linux-x86_64, r-release-macos-arm64, r-release-macos-x86_64, r-release-windows-x86_64
Version: 1.0.0
Check: Rd cross-references
Result: NOTE
Found the following Rd file(s) with Rd \link{} targets missing package
anchors:
gamut_plink.Rd: genio
lit_plink.Rd: genio
marginal_plink.Rd: genio
Please provide package anchors for all Rd \link{} targets not in the
package itself and the base packages.
Flavors: r-devel-linux-x86_64-debian-clang, r-devel-linux-x86_64-debian-gcc, r-devel-windows-x86_64
These binaries (installable software) and packages are in development.
They may not be fully stable and should be used with caution. We make no claims about them.