CRAN Package Check Results for Package lit

Last updated on 2025-05-08 04:52:09 CEST.

Flavor Version Tinstall Tcheck Ttotal Status Flags
r-devel-linux-x86_64-debian-clang 1.0.0 89.67 33.04 122.71 NOTE
r-devel-linux-x86_64-debian-gcc 1.0.0 63.43 26.48 89.91 NOTE
r-devel-linux-x86_64-fedora-clang 1.0.0 249.96 NOTE
r-devel-linux-x86_64-fedora-gcc 1.0.0 260.82 NOTE
r-devel-windows-x86_64 1.0.0 107.00 72.00 179.00 NOTE
r-patched-linux-x86_64 1.0.0 85.33 31.27 116.60 NOTE
r-release-linux-x86_64 1.0.0 84.19 31.07 115.26 NOTE
r-release-macos-arm64 1.0.0 55.00 NOTE
r-release-macos-x86_64 1.0.0 73.00 NOTE
r-release-windows-x86_64 1.0.0 111.00 77.00 188.00 NOTE
r-oldrel-macos-arm64 1.0.0 63.00 NOTE
r-oldrel-macos-x86_64 1.0.0 83.00 NOTE
r-oldrel-windows-x86_64 1.0.0 127.00 88.00 215.00 NOTE

Check Details

Version: 1.0.0
Check: Rd files
Result: NOTE checkRd: (-1) lit.Rd:21: Lost braces in \itemize; \value handles \item{}{} directly checkRd: (-1) lit.Rd:22: Lost braces in \itemize; \value handles \item{}{} directly checkRd: (-1) lit.Rd:23: Lost braces in \itemize; \value handles \item{}{} directly checkRd: (-1) lit_plink.Rd:23: Lost braces in \itemize; \value handles \item{}{} directly checkRd: (-1) lit_plink.Rd:24: Lost braces in \itemize; \value handles \item{}{} directly checkRd: (-1) lit_plink.Rd:25: Lost braces in \itemize; \value handles \item{}{} directly Flavors: r-devel-linux-x86_64-debian-clang, r-devel-linux-x86_64-debian-gcc, r-devel-linux-x86_64-fedora-clang, r-devel-linux-x86_64-fedora-gcc, r-devel-windows-x86_64, r-patched-linux-x86_64, r-release-linux-x86_64, r-release-macos-arm64, r-release-macos-x86_64, r-release-windows-x86_64, r-oldrel-macos-arm64, r-oldrel-macos-x86_64, r-oldrel-windows-x86_64

Version: 1.0.0
Check: Rd cross-references
Result: NOTE Found the following Rd file(s) with Rd \link{} targets missing package anchors: gamut_plink.Rd: genio lit_plink.Rd: genio marginal_plink.Rd: genio Please provide package anchors for all Rd \link{} targets not in the package itself and the base packages. Flavors: r-devel-linux-x86_64-debian-clang, r-devel-linux-x86_64-debian-gcc, r-devel-windows-x86_64, r-patched-linux-x86_64, r-release-linux-x86_64, r-release-windows-x86_64

These binaries (installable software) and packages are in development.
They may not be fully stable and should be used with caution. We make no claims about them.