Last updated on 2024-07-27 15:50:22 CEST.
Flavor | Version | Tinstall | Tcheck | Ttotal | Status | Flags |
---|---|---|---|---|---|---|
r-devel-linux-x86_64-debian-clang | 0.2.4 | 15.30 | 129.77 | 145.07 | NOTE | |
r-devel-linux-x86_64-debian-gcc | 0.2.4 | NOTE | ||||
r-devel-linux-x86_64-fedora-clang | 0.2.4 | 185.08 | NOTE | |||
r-devel-linux-x86_64-fedora-gcc | 0.2.4 | 184.93 | NOTE | |||
r-devel-windows-x86_64 | 0.2.4 | 16.00 | 107.00 | 123.00 | NOTE | |
r-patched-linux-x86_64 | 0.2.4 | NOTE | ||||
r-release-linux-x86_64 | 0.2.4 | 9.85 | 125.33 | 135.18 | NOTE | |
r-release-macos-arm64 | 0.2.4 | 53.00 | NOTE | |||
r-release-macos-x86_64 | 0.2.4 | 88.00 | NOTE | |||
r-release-windows-x86_64 | 0.2.4 | 14.00 | 107.00 | 121.00 | NOTE | |
r-oldrel-macos-arm64 | 0.2.4 | 56.00 | OK | |||
r-oldrel-macos-x86_64 | 0.2.4 | 84.00 | OK | |||
r-oldrel-windows-x86_64 | 0.2.4 | 18.00 | 130.00 | 148.00 | OK |
Version: 0.2.4
Check: Rd files
Result: NOTE
checkRd: (-1) bootstrap_pvals.Rd:78: Lost braces; missing escapes or markup?
78 | $(n_{extreme} + 1) / (B + 1)$.
| ^
Flavors: r-devel-linux-x86_64-debian-clang, r-devel-linux-x86_64-debian-gcc, r-devel-linux-x86_64-fedora-clang, r-devel-linux-x86_64-fedora-gcc, r-devel-windows-x86_64, r-patched-linux-x86_64, r-release-linux-x86_64, r-release-macos-arm64, r-release-macos-x86_64, r-release-windows-x86_64
These binaries (installable software) and packages are in development.
They may not be fully stable and should be used with caution. We make no claims about them.