Last updated on 2025-10-03 13:49:41 CEST.
Flavor | Version | Tinstall | Tcheck | Ttotal | Status | Flags |
---|---|---|---|---|---|---|
r-devel-linux-x86_64-debian-clang | 1.0.7 | 2.08 | 56.84 | 58.92 | NOTE | |
r-devel-linux-x86_64-debian-gcc | 1.0.7 | 1.32 | 39.17 | 40.49 | NOTE | |
r-devel-linux-x86_64-fedora-clang | 1.0.7 | 86.32 | OK | |||
r-devel-linux-x86_64-fedora-gcc | 1.0.7 | 89.55 | OK | |||
r-devel-windows-x86_64 | 1.0.7 | 3.00 | 69.00 | 72.00 | OK | |
r-patched-linux-x86_64 | 1.0.7 | 2.08 | 52.49 | 54.57 | OK | |
r-release-linux-x86_64 | 1.0.7 | 1.46 | 52.24 | 53.70 | OK | |
r-release-macos-arm64 | 1.0.7 | 31.00 | OK | |||
r-release-macos-x86_64 | 1.0.7 | 68.00 | OK | |||
r-release-windows-x86_64 | 1.0.7 | 3.00 | 69.00 | 72.00 | OK | |
r-oldrel-macos-arm64 | 1.0.7 | 27.00 | OK | |||
r-oldrel-macos-x86_64 | 1.0.7 | 63.00 | OK | |||
r-oldrel-windows-x86_64 | 1.0.7 | 4.00 | 82.00 | 86.00 | OK |
Version: 1.0.7
Check: CRAN incoming feasibility
Result: NOTE
Maintainer: ‘Steven Rozen <steverozen@pm.me>’
Package CITATION file contains call(s) to old-style citEntry(). Please
use bibentry() instead.
Flavors: r-devel-linux-x86_64-debian-clang, r-devel-linux-x86_64-debian-gcc
These binaries (installable software) and packages are in development.
They may not be fully stable and should be used with caution. We make no claims about them.