Last updated on 2025-11-13 21:50:01 CET.
| Flavor | Version | Tinstall | Tcheck | Ttotal | Status | Flags |
|---|---|---|---|---|---|---|
| r-devel-linux-x86_64-debian-clang | 1.0.4 | 204.30 | 100.47 | 304.77 | OK | |
| r-devel-linux-x86_64-debian-gcc | 1.0.4 | 125.80 | 72.23 | 198.03 | OK | |
| r-devel-linux-x86_64-fedora-clang | 1.0.4 | 660.00 | -10.67 | 649.33 | OK | |
| r-devel-linux-x86_64-fedora-gcc | 1.0.4 | 259.00 | 270.13 | 529.13 | OK | |
| r-devel-windows-x86_64 | 1.0.4 | 234.00 | 150.00 | 384.00 | OK | |
| r-patched-linux-x86_64 | 1.0.4 | 201.33 | 93.83 | 295.16 | OK | |
| r-release-linux-x86_64 | 1.0.4 | 201.52 | 94.92 | 296.44 | OK | |
| r-release-macos-arm64 | 1.0.4 | 71.00 | 150.00 | 221.00 | OK | |
| r-release-macos-x86_64 | 1.0.4 | 56.00 | 95.00 | 151.00 | OK | |
| r-release-windows-x86_64 | 1.0.4 | 220.00 | 144.00 | 364.00 | OK | |
| r-oldrel-macos-arm64 | 1.0.4 | 64.00 | 55.00 | 119.00 | NOTE | |
| r-oldrel-macos-x86_64 | 1.0.4 | 55.00 | 99.00 | 154.00 | NOTE | |
| r-oldrel-windows-x86_64 | 1.0.4 | 278.00 | 175.00 | 453.00 | OK |
Version: 1.0.4
Check: installed package size
Result: NOTE
installed size is 11.3Mb
sub-directories of 1Mb or more:
libs 10.0Mb
Flavors: r-oldrel-macos-arm64, r-oldrel-macos-x86_64
These binaries (installable software) and packages are in development.
They may not be fully stable and should be used with caution. We make no claims about them.