CRAN Package Check Results for Package manhattanly

Last updated on 2025-02-16 08:50:51 CET.

Flavor Version Tinstall Tcheck Ttotal Status Flags
r-devel-linux-x86_64-debian-clang 0.3.0 2.91 30.68 33.59 NOTE
r-devel-linux-x86_64-debian-gcc 0.3.0 2.01 24.53 26.54 NOTE
r-devel-linux-x86_64-fedora-clang 0.3.0 57.31 NOTE
r-devel-linux-x86_64-fedora-gcc 0.3.0 66.91 NOTE
r-devel-macos-arm64 0.3.0 29.00 OK
r-devel-macos-x86_64 0.3.0 50.00 OK
r-devel-windows-x86_64 0.3.0 5.00 63.00 68.00 NOTE
r-patched-linux-x86_64 0.3.0 8.89 29.70 38.59 OK
r-release-linux-x86_64 0.3.0 2.63 29.71 32.34 OK
r-release-macos-arm64 0.3.0 28.00 OK
r-release-macos-x86_64 0.3.0 43.00 OK
r-release-windows-x86_64 0.3.0 5.00 55.00 60.00 OK
r-oldrel-macos-arm64 0.3.0 30.00 OK
r-oldrel-macos-x86_64 0.3.0 31.00 OK
r-oldrel-windows-x86_64 0.3.0 6.00 59.00 65.00 OK

Check Details

Version: 0.3.0
Check: Rd cross-references
Result: NOTE Found the following Rd file(s) with Rd \link{} targets missing package anchors: manhattanly.Rd: plotly volcanoly.Rd: plotly Please provide package anchors for all Rd \link{} targets not in the package itself and the base packages. Flavors: r-devel-linux-x86_64-debian-clang, r-devel-linux-x86_64-debian-gcc, r-devel-windows-x86_64

Version: 0.3.0
Check: dependencies in R code
Result: NOTE Namespace in Imports field not imported from: ‘ggplot2’ All declared Imports should be used. Flavors: r-devel-linux-x86_64-fedora-clang, r-devel-linux-x86_64-fedora-gcc

These binaries (installable software) and packages are in development.
They may not be fully stable and should be used with caution. We make no claims about them.