Last updated on 2025-02-16 08:50:54 CET.
Flavor | Version | Tinstall | Tcheck | Ttotal | Status | Flags |
---|---|---|---|---|---|---|
r-devel-linux-x86_64-debian-clang | 0.3.1 | 63.31 | 106.48 | 169.79 | NOTE | |
r-devel-linux-x86_64-debian-gcc | 0.3.1 | 43.15 | 83.43 | 126.58 | NOTE | |
r-devel-linux-x86_64-fedora-clang | 0.3.1 | 320.56 | NOTE | |||
r-devel-linux-x86_64-fedora-gcc | 0.3.1 | 327.77 | NOTE | |||
r-devel-macos-arm64 | 0.3.1 | 93.00 | NOTE | |||
r-devel-macos-x86_64 | 0.3.1 | 163.00 | NOTE | |||
r-devel-windows-x86_64 | 0.3.1 | 71.00 | 149.00 | 220.00 | NOTE | |
r-patched-linux-x86_64 | 0.3.1 | 61.24 | 101.97 | 163.21 | NOTE | |
r-release-linux-x86_64 | 0.3.1 | 64.14 | 104.06 | 168.20 | NOTE | |
r-release-macos-arm64 | 0.3.1 | 61.00 | NOTE | |||
r-release-macos-x86_64 | 0.3.1 | 87.00 | NOTE | |||
r-release-windows-x86_64 | 0.3.1 | 73.00 | 147.00 | 220.00 | NOTE | |
r-oldrel-macos-arm64 | 0.3.1 | 106.00 | NOTE | |||
r-oldrel-macos-x86_64 | 0.3.1 | 180.00 | NOTE | |||
r-oldrel-windows-x86_64 | 0.3.1 | 85.00 | 173.00 | 258.00 | NOTE |
Version: 0.3.1
Check: C++ specification
Result: NOTE
Specified C++11: please drop specification unless essential
Flavors: r-devel-linux-x86_64-debian-clang, r-devel-linux-x86_64-debian-gcc, r-devel-linux-x86_64-fedora-clang, r-devel-linux-x86_64-fedora-gcc, r-devel-macos-arm64, r-devel-macos-x86_64, r-devel-windows-x86_64, r-patched-linux-x86_64, r-release-linux-x86_64, r-release-macos-arm64, r-release-macos-x86_64, r-release-windows-x86_64, r-oldrel-macos-arm64, r-oldrel-macos-x86_64, r-oldrel-windows-x86_64
Version: 0.3.1
Check: Rd files
Result: NOTE
checkRd: (-1) milr.Rd:45: Lost braces in \itemize; \value handles \item{}{} directly
checkRd: (-1) milr.Rd:46-47: Lost braces in \itemize; \value handles \item{}{} directly
checkRd: (-1) milr.Rd:48: Lost braces in \itemize; \value handles \item{}{} directly
checkRd: (-1) milr.Rd:49: Lost braces in \itemize; \value handles \item{}{} directly
checkRd: (-1) milr.Rd:50: Lost braces in \itemize; \value handles \item{}{} directly
checkRd: (-1) milr.Rd:51-52: Lost braces in \itemize; \value handles \item{}{} directly
Flavors: r-devel-linux-x86_64-debian-clang, r-devel-linux-x86_64-debian-gcc, r-devel-linux-x86_64-fedora-clang, r-devel-linux-x86_64-fedora-gcc, r-devel-macos-arm64, r-devel-macos-x86_64, r-devel-windows-x86_64, r-patched-linux-x86_64, r-release-linux-x86_64, r-release-macos-arm64, r-release-macos-x86_64, r-release-windows-x86_64
Version: 0.3.1
Check: LazyData
Result: NOTE
'LazyData' is specified without a 'data' directory
Flavors: r-patched-linux-x86_64, r-release-linux-x86_64, r-release-macos-arm64, r-release-macos-x86_64, r-release-windows-x86_64, r-oldrel-macos-arm64, r-oldrel-macos-x86_64, r-oldrel-windows-x86_64
These binaries (installable software) and packages are in development.
They may not be fully stable and should be used with caution. We make no claims about them.