Last updated on 2025-10-23 17:50:54 CEST.
| Flavor | Version | Tinstall | Tcheck | Ttotal | Status | Flags |
|---|---|---|---|---|---|---|
| r-devel-linux-x86_64-debian-clang | 0.4.1 | 70.39 | 108.49 | 178.88 | NOTE | |
| r-devel-linux-x86_64-debian-gcc | 0.4.1 | 37.31 | 88.19 | 125.50 | OK | |
| r-devel-linux-x86_64-fedora-clang | 0.4.1 | 204.00 | 117.30 | 321.30 | OK | |
| r-devel-linux-x86_64-fedora-gcc | 0.4.1 | 86.00 | 205.37 | 291.37 | OK | |
| r-devel-windows-x86_64 | 0.4.1 | 79.00 | 140.00 | 219.00 | OK | |
| r-patched-linux-x86_64 | 0.4.1 | 60.89 | 106.43 | 167.32 | OK | |
| r-release-linux-x86_64 | 0.4.1 | 62.53 | 105.66 | 168.19 | OK | |
| r-release-macos-arm64 | 0.4.1 | 26.00 | 93.00 | 119.00 | OK | |
| r-release-macos-x86_64 | 0.4.1 | 29.00 | 151.00 | 180.00 | OK | |
| r-release-windows-x86_64 | 0.4.1 | 83.00 | 132.00 | 215.00 | OK | |
| r-oldrel-macos-arm64 | 0.4.1 | 23.00 | 82.00 | 105.00 | OK | |
| r-oldrel-macos-x86_64 | 0.4.1 | 33.00 | 130.00 | 163.00 | OK | |
| r-oldrel-windows-x86_64 | 0.4.1 | 95.00 | 169.00 | 264.00 | OK |
Version: 0.4.1
Check: HTML version of manual
Result: NOTE
Found the following HTML validation problems:
fitted.milr.html:56:1 (fitted.milr.Rd:15): Warning: missing </ul> before </div>
fitted.softmax.html:56:1 (fitted.softmax.Rd:15): Warning: missing </ul> before </div>
predict.milr.html:65:1 (predict.milr.Rd:20): Warning: missing </ul> before </div>
predict.softmax.html:65:1 (predict.softmax.Rd:20): Warning: missing </ul> before </div>
Flavor: r-devel-linux-x86_64-debian-clang
These binaries (installable software) and packages are in development.
They may not be fully stable and should be used with caution. We make no claims about them.