Last updated on 2025-10-03 13:49:40 CEST.
Flavor | Version | Tinstall | Tcheck | Ttotal | Status | Flags |
---|---|---|---|---|---|---|
r-devel-linux-x86_64-debian-clang | 4.3.12 | 307.53 | 66.08 | 373.61 | OK | |
r-devel-linux-x86_64-debian-gcc | 4.3.12 | 236.74 | 48.03 | 284.77 | OK | |
r-devel-linux-x86_64-fedora-clang | 4.3.12 | 789.59 | OK | |||
r-devel-linux-x86_64-fedora-gcc | 4.3.12 | 747.97 | OK | |||
r-patched-linux-x86_64 | 4.3.12 | 335.69 | 62.24 | 397.93 | OK | |
r-release-linux-x86_64 | 4.3.12 | 331.82 | 61.79 | 393.61 | OK | |
r-release-macos-arm64 | 4.3.12 | 159.00 | OK | |||
r-release-macos-x86_64 | 4.3.12 | 177.00 | OK | |||
r-oldrel-macos-arm64 | 4.3.12 | 213.00 | NOTE | |||
r-oldrel-macos-x86_64 | 4.3.12 | 180.00 | NOTE |
Version: 4.3.12
Check: installed package size
Result: NOTE
installed size is 24.1Mb
sub-directories of 1Mb or more:
libs 22.8Mb
Flavors: r-oldrel-macos-arm64, r-oldrel-macos-x86_64
These binaries (installable software) and packages are in development.
They may not be fully stable and should be used with caution. We make no claims about them.