Last updated on 2025-11-12 12:53:15 CET.
| Flavor | Version | Tinstall | Tcheck | Ttotal | Status | Flags |
|---|---|---|---|---|---|---|
| r-devel-linux-x86_64-debian-clang | 2.19.3 | 35.98 | 267.22 | 303.20 | OK | |
| r-devel-linux-x86_64-debian-gcc | 2.19.3 | 22.61 | 174.83 | 197.44 | OK | |
| r-devel-linux-x86_64-fedora-clang | 2.19.3 | 156.00 | 336.79 | 492.79 | OK | |
| r-devel-linux-x86_64-fedora-gcc | 2.19.3 | 136.00 | 339.64 | 475.64 | OK | |
| r-devel-windows-x86_64 | 2.19.3 | 59.00 | 308.00 | 367.00 | OK | |
| r-patched-linux-x86_64 | 2.19.3 | 46.77 | 251.19 | 297.96 | OK | |
| r-release-linux-x86_64 | 2.19.3 | 35.46 | 249.95 | 285.41 | OK | |
| r-release-macos-arm64 | 2.19.3 | 16.00 | 99.00 | 115.00 | OK | |
| r-release-macos-x86_64 | 2.19.3 | 40.00 | 230.00 | 270.00 | OK | |
| r-release-windows-x86_64 | 2.19.3 | 66.00 | 315.00 | 381.00 | OK | |
| r-oldrel-macos-arm64 | 2.19.3 | 15.00 | 100.00 | 115.00 | NOTE | |
| r-oldrel-macos-x86_64 | 2.19.3 | 30.00 | 133.00 | 163.00 | NOTE | |
| r-oldrel-windows-x86_64 | 2.19.3 | 57.00 | 392.00 | 449.00 | OK |
Version: 2.19.3
Check: package dependencies
Result: NOTE
Package suggested but not available for checking: ‘Rmpi’
Flavors: r-oldrel-macos-arm64, r-oldrel-macos-x86_64
Version: 2.19.3
Check: installed package size
Result: NOTE
installed size is 5.6Mb
sub-directories of 1Mb or more:
R 2.0Mb
data 2.3Mb
Flavors: r-oldrel-macos-arm64, r-oldrel-macos-x86_64
These binaries (installable software) and packages are in development.
They may not be fully stable and should be used with caution. We make no claims about them.