Last updated on 2025-05-01 12:49:33 CEST.
Flavor | Version | Tinstall | Tcheck | Ttotal | Status | Flags |
---|---|---|---|---|---|---|
r-devel-linux-x86_64-debian-clang | 2.19.2 | 37.64 | 254.11 | 291.75 | NOTE | |
r-devel-linux-x86_64-debian-gcc | 2.19.2 | 22.65 | 165.07 | 187.72 | NOTE | |
r-devel-linux-x86_64-fedora-clang | 2.19.2 | 456.37 | OK | |||
r-devel-linux-x86_64-fedora-gcc | 2.19.2 | 452.62 | OK | |||
r-devel-windows-x86_64 | 2.19.2 | 42.00 | 299.00 | 341.00 | NOTE | |
r-patched-linux-x86_64 | 2.19.2 | 42.59 | 234.98 | 277.57 | NOTE | |
r-release-linux-x86_64 | NOTE | |||||
r-release-macos-arm64 | 2.19.2 | 179.00 | OK | |||
r-release-macos-x86_64 | 2.19.2 | 236.00 | OK | |||
r-release-windows-x86_64 | 2.19.2 | 43.00 | 300.00 | 343.00 | NOTE | |
r-oldrel-macos-arm64 | 2.19.2 | 116.00 | NOTE | |||
r-oldrel-macos-x86_64 | 2.19.2 | 365.00 | NOTE | |||
r-oldrel-windows-x86_64 | 2.19.2 | 52.00 | 359.00 | 411.00 | OK |
Version: 2.19.2
Check: Rd cross-references
Result: NOTE
Found the following Rd file(s) with Rd \link{} targets missing package
anchors:
TuneMultiCritControl.Rd: OptPath
batchmark.Rd: data.table
getClassWeightParam.Rd: LearnerParam
getLearnerParamSet.Rd: ParamSet
getParamSet.Rd: ParamSet
makeBaseWrapper.Rd: ParamSet
makeExtractFDAFeatMethod.Rd: ParamSet
makeModelMultiplexerParamSet.Rd: ParamSet
makeTuneControlMBO.Rd: OptPath
Please provide package anchors for all Rd \link{} targets not in the
package itself and the base packages.
Flavors: r-devel-linux-x86_64-debian-clang, r-devel-linux-x86_64-debian-gcc, r-devel-windows-x86_64, r-patched-linux-x86_64, r-release-linux-x86_64, r-release-windows-x86_64
Version: 2.19.2
Check: examples
Result: NOTE
Examples with CPU (user + system) or elapsed time > 5s
user system elapsed
benchmark 2.491 0.144 6.492
Flavor: r-devel-linux-x86_64-debian-clang
Version: 2.19.2
Check: package dependencies
Result: NOTE
Package suggested but not available for checking: ‘Rmpi’
Flavors: r-oldrel-macos-arm64, r-oldrel-macos-x86_64
Version: 2.19.2
Check: installed package size
Result: NOTE
installed size is 5.6Mb
sub-directories of 1Mb or more:
R 2.0Mb
data 2.3Mb
Flavors: r-oldrel-macos-arm64, r-oldrel-macos-x86_64
These binaries (installable software) and packages are in development.
They may not be fully stable and should be used with caution. We make no claims about them.