CRAN Package Check Results for Package monolix2rx

Last updated on 2025-05-08 04:52:11 CEST.

Flavor Version Tinstall Tcheck Ttotal Status Flags
r-devel-linux-x86_64-debian-clang 0.0.4 26.06 114.99 141.05 OK
r-devel-linux-x86_64-debian-gcc 0.0.4 17.46 78.12 95.58 OK
r-devel-linux-x86_64-fedora-clang 0.0.4 213.98 OK
r-devel-linux-x86_64-fedora-gcc 0.0.4 199.45 OK
r-devel-windows-x86_64 0.0.4 42.00 147.00 189.00 OK
r-patched-linux-x86_64 0.0.4 25.63 102.09 127.72 OK
r-release-linux-x86_64 0.0.4 24.19 103.50 127.69 OK
r-release-macos-arm64 0.0.4 60.00 OK
r-release-macos-x86_64 0.0.4 113.00 OK
r-release-windows-x86_64 0.0.4 43.00 158.00 201.00 OK
r-oldrel-macos-arm64 0.0.4 61.00 NOTE
r-oldrel-macos-x86_64 0.0.4 104.00 NOTE
r-oldrel-windows-x86_64 0.0.4 49.00 198.00 247.00 NOTE

Check Details

Version: 0.0.4
Check: package dependencies
Result: NOTE Package suggested but not available for checking: ‘lixoftConnectors’ Flavors: r-oldrel-macos-arm64, r-oldrel-macos-x86_64, r-oldrel-windows-x86_64

Version: 0.0.4
Check: installed package size
Result: NOTE installed size is 5.9Mb sub-directories of 1Mb or more: libs 3.7Mb theo 1.1Mb Flavors: r-oldrel-macos-arm64, r-oldrel-macos-x86_64

These binaries (installable software) and packages are in development.
They may not be fully stable and should be used with caution. We make no claims about them.