Last updated on 2025-05-21 23:48:49 CEST.
Flavor | Version | Tinstall | Tcheck | Ttotal | Status | Flags |
---|---|---|---|---|---|---|
r-devel-linux-x86_64-debian-clang | 1.0.3 | 13.06 | 166.99 | 180.05 | OK | |
r-devel-linux-x86_64-debian-gcc | 1.0.3 | 7.55 | 121.39 | 128.94 | OK | |
r-devel-linux-x86_64-fedora-clang | 1.0.3 | 278.90 | NOTE | |||
r-devel-linux-x86_64-fedora-gcc | 1.0.3 | 274.50 | NOTE | |||
r-devel-windows-x86_64 | 1.0.3 | 14.00 | 233.00 | 247.00 | OK | |
r-patched-linux-x86_64 | 1.0.3 | 12.13 | 156.43 | 168.56 | OK | |
r-release-linux-x86_64 | 1.0.3 | 10.52 | 156.53 | 167.05 | OK | |
r-release-macos-arm64 | 1.0.3 | 91.00 | OK | |||
r-release-macos-x86_64 | 1.0.3 | 151.00 | OK | |||
r-release-windows-x86_64 | 1.0.3 | 14.00 | 194.00 | 208.00 | OK | |
r-oldrel-macos-arm64 | 1.0.3 | 89.00 | OK | |||
r-oldrel-macos-x86_64 | 1.0.3 | 126.00 | OK | |||
r-oldrel-windows-x86_64 | 1.0.3 | 19.00 | 217.00 | 236.00 | OK |
Version: 1.0.3
Check: dependencies in R code
Result: NOTE
Namespaces in Imports field not imported from:
‘e1071’ ‘glue’
All declared Imports should be used.
Flavors: r-devel-linux-x86_64-fedora-clang, r-devel-linux-x86_64-fedora-gcc
These binaries (installable software) and packages are in development.
They may not be fully stable and should be used with caution. We make no claims about them.