Last updated on 2025-02-16 08:50:55 CET.
Flavor | Version | Tinstall | Tcheck | Ttotal | Status | Flags |
---|---|---|---|---|---|---|
r-devel-linux-x86_64-debian-clang | 1.0.3 | 12.74 | 157.26 | 170.00 | OK | |
r-devel-linux-x86_64-debian-gcc | 1.0.3 | 7.31 | 119.49 | 126.80 | OK | |
r-devel-linux-x86_64-fedora-clang | 1.0.3 | 286.33 | NOTE | |||
r-devel-linux-x86_64-fedora-gcc | 1.0.3 | 282.34 | NOTE | |||
r-devel-macos-arm64 | 1.0.3 | 90.00 | OK | |||
r-devel-macos-x86_64 | 1.0.3 | 151.00 | OK | |||
r-devel-windows-x86_64 | 1.0.3 | 13.00 | 206.00 | 219.00 | OK | |
r-patched-linux-x86_64 | 1.0.3 | 11.74 | 144.65 | 156.39 | OK | |
r-release-linux-x86_64 | 1.0.3 | 11.02 | 145.44 | 156.46 | OK | |
r-release-macos-arm64 | 1.0.3 | 89.00 | OK | |||
r-release-macos-x86_64 | 1.0.3 | 126.00 | OK | |||
r-release-windows-x86_64 | 1.0.3 | 13.00 | 220.00 | 233.00 | OK | |
r-oldrel-macos-arm64 | 1.0.3 | 95.00 | OK | |||
r-oldrel-macos-x86_64 | 1.0.3 | 216.00 | OK | |||
r-oldrel-windows-x86_64 | 1.0.3 | 17.00 | 229.00 | 246.00 | OK |
Version: 1.0.3
Check: dependencies in R code
Result: NOTE
Namespaces in Imports field not imported from:
‘e1071’ ‘glue’
All declared Imports should be used.
Flavors: r-devel-linux-x86_64-fedora-clang, r-devel-linux-x86_64-fedora-gcc
These binaries (installable software) and packages are in development.
They may not be fully stable and should be used with caution. We make no claims about them.