Last updated on 2024-07-27 15:50:27 CEST.
Flavor | Version | Tinstall | Tcheck | Ttotal | Status | Flags |
---|---|---|---|---|---|---|
r-devel-linux-x86_64-debian-clang | 1.0.3 | 11.25 | 198.47 | 209.72 | OK | |
r-devel-linux-x86_64-debian-gcc | 1.0.3 | OK | ||||
r-devel-linux-x86_64-fedora-clang | 1.0.3 | 284.41 | NOTE | |||
r-devel-linux-x86_64-fedora-gcc | 1.0.3 | 276.37 | NOTE | |||
r-devel-windows-x86_64 | 1.0.3 | 12.00 | 227.00 | 239.00 | OK | |
r-patched-linux-x86_64 | 1.0.3 | OK | ||||
r-release-linux-x86_64 | 1.0.3 | 9.09 | 185.83 | 194.92 | OK | |
r-release-macos-arm64 | 1.0.3 | 89.00 | OK | |||
r-release-macos-x86_64 | 1.0.3 | 126.00 | OK | |||
r-release-windows-x86_64 | 1.0.3 | 13.00 | 208.00 | 221.00 | OK | |
r-oldrel-macos-arm64 | 1.0.3 | 95.00 | OK | |||
r-oldrel-macos-x86_64 | 1.0.3 | 216.00 | OK | |||
r-oldrel-windows-x86_64 | 1.0.3 | 18.00 | 238.00 | 256.00 | OK |
Version: 1.0.3
Check: dependencies in R code
Result: NOTE
Namespaces in Imports field not imported from:
‘e1071’ ‘glue’
All declared Imports should be used.
Flavors: r-devel-linux-x86_64-fedora-clang, r-devel-linux-x86_64-fedora-gcc
These binaries (installable software) and packages are in development.
They may not be fully stable and should be used with caution. We make no claims about them.